{"id":2572,"date":"2021-09-20T09:29:10","date_gmt":"2021-09-20T08:29:10","guid":{"rendered":"http:\/\/193.194.87.76\/fsnv\/?page_id=2572"},"modified":"2022-04-17T11:40:39","modified_gmt":"2022-04-17T10:40:39","slug":"mission-conseil","status":"publish","type":"page","link":"https:\/\/www.univ-mascara.dz\/fdsp\/?page_id=2572","title":{"rendered":"Mission conseil"},"content":{"rendered":"\t\t<div data-elementor-type=\"wp-page\" data-elementor-id=\"2572\" class=\"elementor elementor-2572\">\n\t\t\t\t\t\t\t\t\t<section class=\"elementor-section elementor-top-section elementor-element elementor-element-9bb0537 elementor-section-height-min-height elementor-section-boxed elementor-section-height-default elementor-section-items-middle\" data-id=\"9bb0537\" data-element_type=\"section\" data-settings=\"{&quot;background_background&quot;:&quot;classic&quot;}\">\n\t\t\t\t\t\t\t<div class=\"elementor-background-overlay\"><\/div>\n\t\t\t\t\t\t\t<div class=\"elementor-container elementor-column-gap-default\">\n\t\t\t\t\t<div class=\"elementor-column elementor-col-100 elementor-top-column elementor-element elementor-element-88879c8\" data-id=\"88879c8\" data-element_type=\"column\">\n\t\t\t<div class=\"elementor-widget-wrap elementor-element-populated\">\n\t\t\t\t\t\t\t\t<div class=\"elementor-element elementor-element-4c3ed27 elementor-widget elementor-widget-heading\" data-id=\"4c3ed27\" data-element_type=\"widget\" data-widget_type=\"heading.default\">\n\t\t\t\t<div class=\"elementor-widget-container\">\n\t\t\t<p class=\"elementor-heading-title elementor-size-medium\"><br>Mission du Conseil Scientifique<\/p>\t\t<\/div>\n\t\t\t\t<\/div>\n\t\t\t\t<div class=\"elementor-element elementor-element-2dd32b3 elementor-widget-divider--view-line elementor-widget elementor-widget-divider\" data-id=\"2dd32b3\" data-element_type=\"widget\" data-widget_type=\"divider.default\">\n\t\t\t\t<div class=\"elementor-widget-container\">\n\t\t\t\t\t<div class=\"elementor-divider\">\n\t\t\t<span class=\"elementor-divider-separator\">\n\t\t\t\t\t\t<\/span>\n\t\t<\/div>\n\t\t\t\t<\/div>\n\t\t\t\t<\/div>\n\t\t\t\t<div class=\"elementor-element elementor-element-0a4314d elementor-widget elementor-widget-heading\" data-id=\"0a4314d\" data-element_type=\"widget\" data-widget_type=\"heading.default\">\n\t\t\t\t<div class=\"elementor-widget-container\">\n\t\t\t<span class=\"elementor-heading-title elementor-size-default\">FDSP<\/span>\t\t<\/div>\n\t\t\t\t<\/div>\n\t\t\t\t\t<\/div>\n\t\t<\/div>\n\t\t\t\t\t\t\t<\/div>\n\t\t<\/section>\n\t\t\t\t<section class=\"elementor-section elementor-top-section elementor-element elementor-element-064a6be elementor-section-boxed elementor-section-height-default elementor-section-height-default\" data-id=\"064a6be\" data-element_type=\"section\" data-settings=\"{&quot;background_background&quot;:&quot;classic&quot;}\">\n\t\t\t\t\t\t<div class=\"elementor-container elementor-column-gap-default\">\n\t\t\t\t\t<div class=\"elementor-column elementor-col-100 elementor-top-column elementor-element elementor-element-7806118\" data-id=\"7806118\" data-element_type=\"column\">\n\t\t\t<div class=\"elementor-widget-wrap elementor-element-populated\">\n\t\t\t\t\t\t\t\t<div class=\"elementor-element elementor-element-d4fb1f6 eael-tooltip-align-left elementor-widget elementor-widget-eael-tooltip\" data-id=\"d4fb1f6\" data-element_type=\"widget\" data-widget_type=\"eael-tooltip.default\">\n\t\t\t\t<div class=\"elementor-widget-container\">\n\t\t\t\t<div class=\"eael-tooltip\">\n\t\t\t\t\t<span class=\"eael-tooltip-content\"><a href=\"\/fdsp\/?page_id=2532\">\t\t\t\t\t\t\t\t\t\t\t\t<i class=\"fas fa-reply\"><\/i>\n\t\t\t\t\t\t\t\t\t\t<\/a><\/span>\n  \t\t\t<span class=\"eael-tooltip-text eael-tooltip-right\"><p>Retour<\/p><\/span>\n  \t\t\t<\/div>\n\t\t\t<\/div>\n\t\t\t\t<\/div>\n\t\t\t\t<div class=\"elementor-element elementor-element-5cc9f71f elementor-widget-divider--view-line elementor-widget elementor-widget-divider\" data-id=\"5cc9f71f\" data-element_type=\"widget\" data-widget_type=\"divider.default\">\n\t\t\t\t<div class=\"elementor-widget-container\">\n\t\t\t\t\t<div class=\"elementor-divider\">\n\t\t\t<span class=\"elementor-divider-separator\">\n\t\t\t\t\t\t<\/span>\n\t\t<\/div>\n\t\t\t\t<\/div>\n\t\t\t\t<\/div>\n\t\t\t\t<div class=\"elementor-element elementor-element-72dd409 elementor-widget elementor-widget-text-editor\" data-id=\"72dd409\" data-element_type=\"widget\" data-widget_type=\"text-editor.default\">\n\t\t\t\t<div class=\"elementor-widget-container\">\n\t\t\t\t\t\t\t<p>Le conseil scientifique de la facult\u00e9 \u00e9met des avis et recommandations sur :<\/p><p><strong><img decoding=\"async\" loading=\"lazy\" src=\"http:\/\/www.univ-mascara.dz\/fse\/images\/img\/tel_fiche_dl_puce.gif\" alt=\"\" width=\"9\" height=\"10\" border=\"0\" \/><\/strong>\u00a0L&rsquo;organisation et le contenu des enseignements,<\/p><p><strong><img decoding=\"async\" loading=\"lazy\" src=\"http:\/\/www.univ-mascara.dz\/fse\/images\/img\/tel_fiche_dl_puce.gif\" alt=\"\" width=\"9\" height=\"10\" border=\"0\" \/><\/strong>\u00a0L&rsquo;organisation des travaux de recherche,<\/p><p><strong><img decoding=\"async\" src=\"http:\/\/www.univ-mascara.dz\/fse\/images\/img\/tel_fiche_dl_puce.gif\" alt=\"\" border=\"0\" \/><\/strong>\u00a0Les propositions de programmes de recherche,<\/p><p><strong><img decoding=\"async\" src=\"http:\/\/www.univ-mascara.dz\/fse\/images\/img\/tel_fiche_dl_puce.gif\" alt=\"\" border=\"0\" \/><\/strong>\u00a0Les propositions de cr\u00e9ation ou de suppression de d\u00e9partements et\/ou de fili\u00e8res et d\u2019unit\u00e9s et de laboratoires de recherche,<\/p><p><strong><img decoding=\"async\" src=\"http:\/\/www.univ-mascara.dz\/fse\/images\/img\/tel_fiche_dl_puce.gif\" alt=\"\" border=\"0\" \/><\/strong>\u00a0Les propositions d&rsquo;ouverture, de reconduction et\/ou de fermeture des fili\u00e8res de post-graduation et le nombre de postes \u00e0 pourvoir,<\/p><p><strong><img decoding=\"async\" src=\"http:\/\/www.univ-mascara.dz\/fse\/images\/img\/tel_fiche_dl_puce.gif\" alt=\"\" border=\"0\" \/><\/strong>\u00a0Les profils et les besoins en enseignants.<\/p><p>Il est, en outre, charg\u00e9 :<\/p><p><strong><img decoding=\"async\" src=\"http:\/\/www.univ-mascara.dz\/fse\/images\/img\/tel_fiche_dl_puce.gif\" alt=\"\" border=\"0\" \/><\/strong>\u00a0D\u2019 agr\u00e9er les sujets de recherche de post-graduation et en propose les jurys de soutenance,<\/p><p><strong><img decoding=\"async\" src=\"http:\/\/www.univ-mascara.dz\/fse\/images\/img\/tel_fiche_dl_puce.gif\" alt=\"\" border=\"0\" \/><\/strong>\u00a0De proposer les jurys d\u2019habilitation universitaire,<\/p><p><strong><img decoding=\"async\" src=\"http:\/\/www.univ-mascara.dz\/fse\/images\/img\/tel_fiche_dl_puce.gif\" alt=\"\" border=\"0\" \/><\/strong>\u00a0D\u2019 examiner les bilans d&rsquo;activit\u00e9s p\u00e9dagogiques et scientifiques de la facult\u00e9 qui sont transmis par le doyen de la facult\u00e9, accompagn\u00e9s des avis et recommandations du conseil, au recteur.<\/p><p>Il peut \u00eatre saisi de toute autre question d&rsquo;ordre p\u00e9dagogique ou scientifique qui lui est soumise par le doyen.<\/p>\t\t\t\t\t\t<\/div>\n\t\t\t\t<\/div>\n\t\t\t\t\t<\/div>\n\t\t<\/div>\n\t\t\t\t\t\t\t<\/div>\n\t\t<\/section>\n\t\t\t\t<section class=\"elementor-section elementor-top-section elementor-element elementor-element-9f74ee1 elementor-section-boxed elementor-section-height-default elementor-section-height-default\" data-id=\"9f74ee1\" data-element_type=\"section\" data-settings=\"{&quot;background_background&quot;:&quot;classic&quot;}\">\n\t\t\t\t\t\t<div class=\"elementor-container elementor-column-gap-default\">\n\t\t\t\t\t<div class=\"elementor-column elementor-col-100 elementor-top-column elementor-element elementor-element-51c3f5e\" data-id=\"51c3f5e\" data-element_type=\"column\">\n\t\t\t<div class=\"elementor-widget-wrap elementor-element-populated\">\n\t\t\t\t\t\t\t\t<div class=\"elementor-element elementor-element-cad2560 elementor-widget-divider--view-line_text elementor-widget-divider--element-align-center elementor-widget elementor-widget-divider\" data-id=\"cad2560\" data-element_type=\"widget\" data-widget_type=\"divider.default\">\n\t\t\t\t<div class=\"elementor-widget-container\">\n\t\t\t\t\t<div class=\"elementor-divider\">\n\t\t\t<span class=\"elementor-divider-separator\">\n\t\t\t\t\t\t\t<span class=\"elementor-divider__text elementor-divider__element\">\n\t\t\t\tCONTACT\t\t\t\t<\/span>\n\t\t\t\t\t\t<\/span>\n\t\t<\/div>\n\t\t\t\t<\/div>\n\t\t\t\t<\/div>\n\t\t\t\t\t<\/div>\n\t\t<\/div>\n\t\t\t\t\t\t\t<\/div>\n\t\t<\/section>\n\t\t\t\t<section class=\"elementor-section elementor-top-section elementor-element elementor-element-2e00b23 elementor-section-height-min-height elementor-section-items-bottom elementor-section-content-top elementor-section-boxed elementor-section-height-default\" data-id=\"2e00b23\" data-element_type=\"section\" data-settings=\"{&quot;background_background&quot;:&quot;classic&quot;,&quot;animation&quot;:&quot;none&quot;}\">\n\t\t\t\t\t\t<div class=\"elementor-container elementor-column-gap-default\">\n\t\t\t\t\t<div class=\"elementor-column elementor-col-100 elementor-top-column elementor-element elementor-element-e9aafcc\" data-id=\"e9aafcc\" data-element_type=\"column\">\n\t\t\t<div class=\"elementor-widget-wrap elementor-element-populated\">\n\t\t\t\t\t\t\t\t<div class=\"elementor-element elementor-element-deb4743 elementor-widget elementor-widget-heading\" data-id=\"deb4743\" data-element_type=\"widget\" data-widget_type=\"heading.default\">\n\t\t\t\t<div class=\"elementor-widget-container\">\n\t\t\t<h2 class=\"elementor-heading-title elementor-size-default\">Facult\u00e9 de droit et sciences politiques \n<\/h2>\t\t<\/div>\n\t\t\t\t<\/div>\n\t\t\t\t<div class=\"elementor-element elementor-element-d82797d elementor-widget elementor-widget-heading\" data-id=\"d82797d\" data-element_type=\"widget\" data-widget_type=\"heading.default\">\n\t\t\t\t<div class=\"elementor-widget-container\">\n\t\t\t<h2 class=\"elementor-heading-title elementor-size-default\">T\u00e9l\/fax :045 70 73 64\n<\/h2>\t\t<\/div>\n\t\t\t\t<\/div>\n\t\t\t\t<div class=\"elementor-element elementor-element-998fab3 elementor-widget elementor-widget-text-editor\" data-id=\"998fab3\" data-element_type=\"widget\" data-widget_type=\"text-editor.default\">\n\t\t\t\t<div class=\"elementor-widget-container\">\n\t\t\t\t\t\t\t<p style=\"text-align: center;\">fdsp@univ-mascara.dz<\/p>\t\t\t\t\t\t<\/div>\n\t\t\t\t<\/div>\n\t\t\t\t\t<\/div>\n\t\t<\/div>\n\t\t\t\t\t\t\t<\/div>\n\t\t<\/section>\n\t\t\t\t\t\t\t<\/div>\n\t\t","protected":false},"excerpt":{"rendered":"<p>Mission du Conseil Scientifique FDSP Retour Le conseil scientifique de la facult\u00e9 \u00e9met des avis et recommandations sur : \u00a0L&rsquo;organisation et le contenu des enseignements, \u00a0L&rsquo;organisation des travaux de recherche, \u00a0Les propositions de programmes de recherche, \u00a0Les propositions de cr\u00e9ation ou de suppression de d\u00e9partements et\/ou de fili\u00e8res et d\u2019unit\u00e9s et de laboratoires de recherche, &hellip;<\/p>\n<p class=\"read-more\"> <a class=\"\" href=\"https:\/\/www.univ-mascara.dz\/fdsp\/?page_id=2572\"> <span class=\"screen-reader-text\">Mission conseil<\/span> Lire la suite\u00a0\u00bb<\/a><\/p>\n","protected":false},"author":3,"featured_media":0,"parent":0,"menu_order":0,"comment_status":"closed","ping_status":"closed","template":"","meta":[],"_links":{"self":[{"href":"https:\/\/www.univ-mascara.dz\/fdsp\/index.php?rest_route=\/wp\/v2\/pages\/2572"}],"collection":[{"href":"https:\/\/www.univ-mascara.dz\/fdsp\/index.php?rest_route=\/wp\/v2\/pages"}],"about":[{"href":"https:\/\/www.univ-mascara.dz\/fdsp\/index.php?rest_route=\/wp\/v2\/types\/page"}],"author":[{"embeddable":true,"href":"https:\/\/www.univ-mascara.dz\/fdsp\/index.php?rest_route=\/wp\/v2\/users\/3"}],"replies":[{"embeddable":true,"href":"https:\/\/www.univ-mascara.dz\/fdsp\/index.php?rest_route=%2Fwp%2Fv2%2Fcomments&post=2572"}],"version-history":[{"count":35,"href":"https:\/\/www.univ-mascara.dz\/fdsp\/index.php?rest_route=\/wp\/v2\/pages\/2572\/revisions"}],"predecessor-version":[{"id":14955,"href":"https:\/\/www.univ-mascara.dz\/fdsp\/index.php?rest_route=\/wp\/v2\/pages\/2572\/revisions\/14955"}],"wp:attachment":[{"href":"https:\/\/www.univ-mascara.dz\/fdsp\/index.php?rest_route=%2Fwp%2Fv2%2Fmedia&parent=2572"}],"curies":[{"name":"wp","href":"https:\/\/api.w.org\/{rel}","templated":true}]}}