{"id":17422,"date":"2022-05-15T12:00:38","date_gmt":"2022-05-15T11:00:38","guid":{"rendered":"http:\/\/nv.univ-mascara.dz\/fll\/?page_id=17422"},"modified":"2022-05-15T12:03:25","modified_gmt":"2022-05-15T11:03:25","slug":"semiotiques-de-a-langue-et-analyse-des-discours","status":"publish","type":"page","link":"https:\/\/www.univ-mascara.dz\/fll\/?page_id=17422","title":{"rendered":"S\u00e9miotiques de a langue et analyse des discours"},"content":{"rendered":"\t\t<div data-elementor-type=\"wp-page\" data-elementor-id=\"17422\" class=\"elementor elementor-17422\">\n\t\t\t\t\t\t\t\t\t<section class=\"elementor-section elementor-top-section elementor-element elementor-element-50bc703 elementor-section-height-min-height elementor-section-boxed elementor-section-height-default elementor-section-items-middle\" data-id=\"50bc703\" data-element_type=\"section\" data-settings=\"{&quot;background_background&quot;:&quot;classic&quot;}\">\n\t\t\t\t\t\t\t<div class=\"elementor-background-overlay\"><\/div>\n\t\t\t\t\t\t\t<div class=\"elementor-container elementor-column-gap-default\">\n\t\t\t\t\t<div class=\"elementor-column elementor-col-100 elementor-top-column elementor-element elementor-element-ff45414\" data-id=\"ff45414\" data-element_type=\"column\">\n\t\t\t<div class=\"elementor-widget-wrap elementor-element-populated\">\n\t\t\t\t\t\t\t\t<div class=\"elementor-element elementor-element-fbb98b3 elementor-widget elementor-widget-heading\" data-id=\"fbb98b3\" data-element_type=\"widget\" data-widget_type=\"heading.default\">\n\t\t\t\t<div class=\"elementor-widget-container\">\n\t\t\t<span class=\"elementor-heading-title elementor-size-default\"><br><br><br>DOCTORAT<\/span>\t\t<\/div>\n\t\t\t\t<\/div>\n\t\t\t\t<div class=\"elementor-element elementor-element-c9ca29f elementor-widget elementor-widget-heading\" data-id=\"c9ca29f\" data-element_type=\"widget\" data-widget_type=\"heading.default\">\n\t\t\t\t<div class=\"elementor-widget-container\">\n\t\t\t<p class=\"elementor-heading-title elementor-size-small\">S\u00e9miotiques de a langue et analyse des discours<\/p>\t\t<\/div>\n\t\t\t\t<\/div>\n\t\t\t\t<div class=\"elementor-element elementor-element-91a37f4 elementor-widget-divider--view-line elementor-widget elementor-widget-divider\" data-id=\"91a37f4\" data-element_type=\"widget\" data-widget_type=\"divider.default\">\n\t\t\t\t<div class=\"elementor-widget-container\">\n\t\t\t\t\t<div class=\"elementor-divider\">\n\t\t\t<span class=\"elementor-divider-separator\">\n\t\t\t\t\t\t<\/span>\n\t\t<\/div>\n\t\t\t\t<\/div>\n\t\t\t\t<\/div>\n\t\t\t\t\t<\/div>\n\t\t<\/div>\n\t\t\t\t\t\t\t<\/div>\n\t\t<\/section>\n\t\t\t\t<section class=\"elementor-section elementor-top-section elementor-element elementor-element-a438827 elementor-section-boxed elementor-section-height-default elementor-section-height-default\" data-id=\"a438827\" data-element_type=\"section\" data-settings=\"{&quot;background_background&quot;:&quot;classic&quot;}\">\n\t\t\t\t\t\t<div class=\"elementor-container elementor-column-gap-default\">\n\t\t\t\t\t<div class=\"elementor-column elementor-col-100 elementor-top-column elementor-element elementor-element-6325547\" data-id=\"6325547\" data-element_type=\"column\">\n\t\t\t<div class=\"elementor-widget-wrap elementor-element-populated\">\n\t\t\t\t\t\t\t\t<div class=\"elementor-element elementor-element-578de72 elementor-widget elementor-widget-heading\" data-id=\"578de72\" data-element_type=\"widget\" data-widget_type=\"heading.default\">\n\t\t\t\t<div class=\"elementor-widget-container\">\n\t\t\t<h3 class=\"elementor-heading-title elementor-size-medium\">Objectifs<\/h3>\t\t<\/div>\n\t\t\t\t<\/div>\n\t\t\t\t<div class=\"elementor-element elementor-element-1fe6b45 elementor-widget elementor-widget-text-editor\" data-id=\"1fe6b45\" data-element_type=\"widget\" data-widget_type=\"text-editor.default\">\n\t\t\t\t<div class=\"elementor-widget-container\">\n\t\t\t\t\t\t\t<p><strong>Objectifs de la formation et ses impacts post-doctoraux :<\/strong><\/p><p><span style=\"font-size: 16px;\">La s\u00e9miotique appliqu\u00e9e est con\u00e7ue comme \u00e9tant l\u2019aspect pratique de la th\u00e9orie du signe dans le sens ou elle met en \u0153uvre les avanc\u00e9es th\u00e9oriques du domaine linguistique. Par ailleurs, elle vise \u00e0 appliquer les diff\u00e9rents outils et proc\u00e9d\u00e9s en vue du d\u00e9veloppement des pratiques discursives contemporaines.<\/span><\/p><p><span style=\"font-size: 16px;\">En \u00e9tablissant cette relation entre la s\u00e9miotique et la langue, l\u2019\u00e9quipe de formation vise \u00e0 faire sortir la recherche s\u00e9miotique en dehors du cadre universitaire et l\u2019exploiter dans le monde ext\u00e9rieur. Les objectifs principaux de la formation sont :<\/span><\/p><ul><li style=\"list-style-type: none\"><ul><li><span style=\"font-size: 16px; font-style: inherit; font-weight: inherit;\">La mise en relief de l\u2019importance de la s\u00e9miotique comme mod\u00e8le pratique de l\u2019\u00e9tude des diff\u00e9rentes manifestations de la langue.<\/span><\/li><li><span style=\"font-size: 16px; font-style: inherit; font-weight: inherit;\">Attachement de la recherche scientifique \u00e0 la r\u00e9alit\u00e9 pratique \u00e0 travers l\u2019investissement des recherches s\u00e9miotiques dans le domaine culturel.<\/span><\/li><li><span style=\"font-size: 16px; font-style: inherit; font-weight: inherit;\">La proposition de solutions scientifiques aux hypoth\u00e8ses s\u00e9miotiques des discours ayant des r\u00e9percussions culturelles et commerciales<\/span><\/li><\/ul><\/li><\/ul><p><strong>Responsable de la Formation<\/strong> : ZAHAF Habib<\/p><p><strong>Modules enseign\u00e9s :<\/strong><\/p><ul><li style=\"list-style-type: none\"><ul><li>S\u00e9miotique appliqu\u00e9e<\/li><li>Approches s\u00e9miotiques dans la critique contemporaine<\/li><li>Outils de la r\u00e9daction m\u00e9thodologique de la th\u00e8se<\/li><li>Approches s\u00e9miotiques dans la critique contemporaine.<\/li><\/ul><\/li><\/ul>\t\t\t\t\t\t<\/div>\n\t\t\t\t<\/div>\n\t\t\t\t\t<\/div>\n\t\t<\/div>\n\t\t\t\t\t\t\t<\/div>\n\t\t<\/section>\n\t\t\t\t\t\t\t<\/div>\n\t\t","protected":false},"excerpt":{"rendered":"<p>DOCTORAT S\u00e9miotiques de a langue et analyse des discours Objectifs Objectifs de la formation et ses impacts post-doctoraux : La s\u00e9miotique appliqu\u00e9e est con\u00e7ue comme \u00e9tant l\u2019aspect pratique de la th\u00e9orie du signe dans le sens ou elle met en \u0153uvre les avanc\u00e9es th\u00e9oriques du domaine linguistique. Par ailleurs, elle vise \u00e0 appliquer les diff\u00e9rents &hellip;<\/p>\n<p class=\"read-more\"> <a class=\"\" href=\"https:\/\/www.univ-mascara.dz\/fll\/?page_id=17422\"> <span class=\"screen-reader-text\">S\u00e9miotiques de a langue et analyse des discours<\/span> Lire la suite\u00a0\u00bb<\/a><\/p>\n","protected":false},"author":2,"featured_media":0,"parent":0,"menu_order":0,"comment_status":"closed","ping_status":"closed","template":"","meta":[],"_links":{"self":[{"href":"https:\/\/www.univ-mascara.dz\/fll\/index.php?rest_route=\/wp\/v2\/pages\/17422"}],"collection":[{"href":"https:\/\/www.univ-mascara.dz\/fll\/index.php?rest_route=\/wp\/v2\/pages"}],"about":[{"href":"https:\/\/www.univ-mascara.dz\/fll\/index.php?rest_route=\/wp\/v2\/types\/page"}],"author":[{"embeddable":true,"href":"https:\/\/www.univ-mascara.dz\/fll\/index.php?rest_route=\/wp\/v2\/users\/2"}],"replies":[{"embeddable":true,"href":"https:\/\/www.univ-mascara.dz\/fll\/index.php?rest_route=%2Fwp%2Fv2%2Fcomments&post=17422"}],"version-history":[{"count":0,"href":"https:\/\/www.univ-mascara.dz\/fll\/index.php?rest_route=\/wp\/v2\/pages\/17422\/revisions"}],"wp:attachment":[{"href":"https:\/\/www.univ-mascara.dz\/fll\/index.php?rest_route=%2Fwp%2Fv2%2Fmedia&parent=17422"}],"curies":[{"name":"wp","href":"https:\/\/api.w.org\/{rel}","templated":true}]}}