{"id":7406,"date":"2022-02-22T15:46:21","date_gmt":"2022-02-22T14:46:21","guid":{"rendered":"http:\/\/nv.univ-mascara.dz\/fse\/?page_id=7406"},"modified":"2022-03-17T14:39:26","modified_gmt":"2022-03-17T13:39:26","slug":"simulation-mi","status":"publish","type":"page","link":"https:\/\/www.univ-mascara.dz\/fse\/?page_id=7406","title":{"rendered":"Simulation MI"},"content":{"rendered":"\t\t<div data-elementor-type=\"wp-page\" data-elementor-id=\"7406\" class=\"elementor elementor-7406\">\n\t\t\t\t\t\t\t\t\t<section class=\"elementor-section elementor-top-section elementor-element elementor-element-8e294f9 elementor-section-height-min-height elementor-section-boxed elementor-section-height-default elementor-section-items-middle\" data-id=\"8e294f9\" data-element_type=\"section\" data-settings=\"{&quot;background_background&quot;:&quot;classic&quot;}\">\n\t\t\t\t\t\t\t<div class=\"elementor-background-overlay\"><\/div>\n\t\t\t\t\t\t\t<div class=\"elementor-container elementor-column-gap-default\">\n\t\t\t\t\t<div class=\"elementor-column elementor-col-100 elementor-top-column elementor-element elementor-element-1f061b8\" data-id=\"1f061b8\" data-element_type=\"column\">\n\t\t\t<div class=\"elementor-widget-wrap elementor-element-populated\">\n\t\t\t\t\t\t\t\t<div class=\"elementor-element elementor-element-9b893b7 elementor-widget elementor-widget-heading\" data-id=\"9b893b7\" data-element_type=\"widget\" data-widget_type=\"heading.default\">\n\t\t\t\t<div class=\"elementor-widget-container\">\n\t\t\t<span class=\"elementor-heading-title elementor-size-default\"><br> <br><br><br> <br>Simulation MI <\/span>\t\t<\/div>\n\t\t\t\t<\/div>\n\t\t\t\t<div class=\"elementor-element elementor-element-218b230 elementor-widget-divider--view-line elementor-widget elementor-widget-divider\" data-id=\"218b230\" data-element_type=\"widget\" data-widget_type=\"divider.default\">\n\t\t\t\t<div class=\"elementor-widget-container\">\n\t\t\t\t\t<div class=\"elementor-divider\">\n\t\t\t<span class=\"elementor-divider-separator\">\n\t\t\t\t\t\t<\/span>\n\t\t<\/div>\n\t\t\t\t<\/div>\n\t\t\t\t<\/div>\n\t\t\t\t<div class=\"elementor-element elementor-element-cc0c06e elementor-widget elementor-widget-heading\" data-id=\"cc0c06e\" data-element_type=\"widget\" data-widget_type=\"heading.default\">\n\t\t\t\t<div class=\"elementor-widget-container\">\n\t\t\t<span class=\"elementor-heading-title elementor-size-default\">Tronc-commun MI<\/span>\t\t<\/div>\n\t\t\t\t<\/div>\n\t\t\t\t\t<\/div>\n\t\t<\/div>\n\t\t\t\t\t\t\t<\/div>\n\t\t<\/section>\n\t\t\t\t<section class=\"elementor-section elementor-top-section elementor-element elementor-element-91557d6 elementor-section-boxed elementor-section-height-default elementor-section-height-default\" data-id=\"91557d6\" data-element_type=\"section\" data-settings=\"{&quot;background_background&quot;:&quot;classic&quot;}\">\n\t\t\t\t\t\t<div class=\"elementor-container elementor-column-gap-default\">\n\t\t\t\t\t<div class=\"elementor-column elementor-col-100 elementor-top-column elementor-element elementor-element-7c9f0d7\" data-id=\"7c9f0d7\" data-element_type=\"column\">\n\t\t\t<div class=\"elementor-widget-wrap elementor-element-populated\">\n\t\t\t\t\t\t\t\t<div class=\"elementor-element elementor-element-381b8ce eael-tooltip-align-left elementor-widget elementor-widget-eael-tooltip\" data-id=\"381b8ce\" data-element_type=\"widget\" data-widget_type=\"eael-tooltip.default\">\n\t\t\t\t<div class=\"elementor-widget-container\">\n\t\t\t\t<div class=\"eael-tooltip\">\n\t\t\t\t\t<span class=\"eael-tooltip-content\"><a href=\"\/fse\/?page_id=2350\">\t\t\t\t\t\t\t\t\t\t\t\t<i class=\"fas fa-reply\"><\/i>\n\t\t\t\t\t\t\t\t\t\t<\/a><\/span>\n  \t\t\t<span class=\"eael-tooltip-text eael-tooltip-right\"><p>Retour<\/p><\/span>\n  \t\t\t<\/div>\n\t\t\t<\/div>\n\t\t\t\t<\/div>\n\t\t\t\t\t<\/div>\n\t\t<\/div>\n\t\t\t\t\t\t\t<\/div>\n\t\t<\/section>\n\t\t\t\t<section class=\"elementor-section elementor-top-section elementor-element elementor-element-510550d elementor-section-height-min-height elementor-section-content-middle elementor-section-boxed elementor-section-height-default elementor-section-items-middle\" data-id=\"510550d\" data-element_type=\"section\" data-settings=\"{&quot;background_background&quot;:&quot;classic&quot;}\">\n\t\t\t\t\t\t<div class=\"elementor-container elementor-column-gap-default\">\n\t\t\t\t\t<div class=\"elementor-column elementor-col-100 elementor-top-column elementor-element elementor-element-9549ecb\" data-id=\"9549ecb\" data-element_type=\"column\">\n\t\t\t<div class=\"elementor-widget-wrap elementor-element-populated\">\n\t\t\t\t\t\t\t\t<div class=\"elementor-element elementor-element-714b94e elementor-widget-divider--view-line elementor-widget elementor-widget-divider\" data-id=\"714b94e\" data-element_type=\"widget\" data-widget_type=\"divider.default\">\n\t\t\t\t<div class=\"elementor-widget-container\">\n\t\t\t\t\t<div class=\"elementor-divider\">\n\t\t\t<span class=\"elementor-divider-separator\">\n\t\t\t\t\t\t<\/span>\n\t\t<\/div>\n\t\t\t\t<\/div>\n\t\t\t\t<\/div>\n\t\t\t\t<div class=\"elementor-element elementor-element-a0ad657 elementor-widget elementor-widget-heading\" data-id=\"a0ad657\" data-element_type=\"widget\" data-widget_type=\"heading.default\">\n\t\t\t\t<div class=\"elementor-widget-container\">\n\t\t\t<h3 class=\"elementor-heading-title elementor-size-large\">SIMULATION\n<\/h3>\t\t<\/div>\n\t\t\t\t<\/div>\n\t\t\t\t<div class=\"elementor-element elementor-element-8b1c22b elementor-widget elementor-widget-text-editor\" data-id=\"8b1c22b\" data-element_type=\"widget\" data-widget_type=\"text-editor.default\">\n\t\t\t\t<div class=\"elementor-widget-container\">\n\t\t\t\t\t\t\t<p>A\u00a0travers cet outil de simulation, l\u2019\u00e9tudiant en premi\u00e8re ann\u00e9e( MI)\u00a0 peut calculer sa moyenne et ses cr\u00e9dits pour les deux semestres ainsi que sa moyenne annuelle.\u00a0\u00a0<\/p><p>Apr\u00e8s le t\u00e9l\u00e9chargement du fichier \u00ab<a href=\"http:\/\/www.univ-mascara.dz\/fse\/images\/departement\/mi\/SIMULATION_M1.xlsx\">SIMULATION_M1.xlsx<\/a>\u00a0\u00a0 \u00bb et l\u2019ouvrir par Microsoft Excel, l\u2019\u00e9tudiant trouvera deux feuilles s\u00e9par\u00e9es\u00a0:\u00a0\u00a0<\/p><p><strong>Feuille 1\u00a0 \u00ab\u00a0Moyenne S1\u00a0\u00bb\u00a0:<\/strong>\u00a0<strong>L\u2019\u00e9tudiant ne touchera que les deux colonnes en couleur verte.<\/strong>\u00a0La premi\u00e8re colonne \u00ab\u00a0Note EMD\u00a0\u00bb pour saisir les notes des EMD et la deuxi\u00e8me \u00ab\u00a0Note TD\u00a0\u00bb pour saisir les notes de TD ou TP. A la fin, le simulateur calcule le reste (Moyenne et cr\u00e9dit par mati\u00e8re et par unit\u00e9 et tout en bas, l\u2019\u00e9tudiant trouvera la moyenne du semestre S1 et les cr\u00e9dits obtenus).\u00a0<\/p><p><strong>Feuille 2\u00a0\u00ab\u00a0Moyenne S2\u00a0\u00bb\u00a0:\u00a0<\/strong>L\u2019\u00e9tudiant trouvera les m\u00eames donn\u00e9es que celles du semestre S1 avec la moyenne annuelle.<\/p><p>\u00a0<strong>Observation\u00a0:<\/strong><\/p><ol><li>Toute modification dans les formules du simulateur donnera forc\u00e9ment des r\u00e9sultats erron\u00e9s.<\/li><li>Ce simulateur a pour objectif, d\u2019aider l\u2019\u00e9tudiant pour calculer sa moyenne et ses cr\u00e9dits. Il ne remplacera en aucun cas les r\u00e9sultats fournis par l\u2019administration.<\/li><\/ol>\t\t\t\t\t\t<\/div>\n\t\t\t\t<\/div>\n\t\t\t\t\t<\/div>\n\t\t<\/div>\n\t\t\t\t\t\t\t<\/div>\n\t\t<\/section>\n\t\t\t\t\t\t\t<\/div>\n\t\t","protected":false},"excerpt":{"rendered":"<p>Simulation MI Tronc-commun MI Retour SIMULATION A\u00a0travers cet outil de simulation, l\u2019\u00e9tudiant en premi\u00e8re ann\u00e9e( MI)\u00a0 peut calculer sa moyenne et ses cr\u00e9dits pour les deux semestres ainsi que sa moyenne annuelle.\u00a0\u00a0 Apr\u00e8s le t\u00e9l\u00e9chargement du fichier \u00abSIMULATION_M1.xlsx\u00a0\u00a0 \u00bb et l\u2019ouvrir par Microsoft Excel, l\u2019\u00e9tudiant trouvera deux feuilles s\u00e9par\u00e9es\u00a0:\u00a0\u00a0 Feuille 1\u00a0 \u00ab\u00a0Moyenne S1\u00a0\u00bb\u00a0:\u00a0L\u2019\u00e9tudiant ne touchera &hellip;<\/p>\n<p class=\"read-more\"> <a class=\"\" href=\"https:\/\/www.univ-mascara.dz\/fse\/?page_id=7406\"> <span class=\"screen-reader-text\">Simulation MI<\/span> Lire la suite\u00a0\u00bb<\/a><\/p>\n","protected":false},"author":2,"featured_media":0,"parent":0,"menu_order":0,"comment_status":"closed","ping_status":"closed","template":"","meta":[],"_links":{"self":[{"href":"https:\/\/www.univ-mascara.dz\/fse\/index.php?rest_route=\/wp\/v2\/pages\/7406"}],"collection":[{"href":"https:\/\/www.univ-mascara.dz\/fse\/index.php?rest_route=\/wp\/v2\/pages"}],"about":[{"href":"https:\/\/www.univ-mascara.dz\/fse\/index.php?rest_route=\/wp\/v2\/types\/page"}],"author":[{"embeddable":true,"href":"https:\/\/www.univ-mascara.dz\/fse\/index.php?rest_route=\/wp\/v2\/users\/2"}],"replies":[{"embeddable":true,"href":"https:\/\/www.univ-mascara.dz\/fse\/index.php?rest_route=%2Fwp%2Fv2%2Fcomments&post=7406"}],"version-history":[{"count":0,"href":"https:\/\/www.univ-mascara.dz\/fse\/index.php?rest_route=\/wp\/v2\/pages\/7406\/revisions"}],"wp:attachment":[{"href":"https:\/\/www.univ-mascara.dz\/fse\/index.php?rest_route=%2Fwp%2Fv2%2Fmedia&parent=7406"}],"curies":[{"name":"wp","href":"https:\/\/api.w.org\/{rel}","templated":true}]}}