{"id":2836,"date":"2021-09-22T15:49:17","date_gmt":"2021-09-22T14:49:17","guid":{"rendered":"http:\/\/193.194.87.76\/fsnv\/?page_id=2836"},"modified":"2026-03-18T11:55:49","modified_gmt":"2026-03-18T10:55:49","slug":"soutenances","status":"publish","type":"page","link":"https:\/\/www.univ-mascara.dz\/fshs\/?page_id=2836","title":{"rendered":"Soutenances"},"content":{"rendered":"\t\t<div data-elementor-type=\"wp-page\" data-elementor-id=\"2836\" class=\"elementor elementor-2836\" data-elementor-settings=\"[]\">\n\t\t\t\t\t\t\t<div class=\"elementor-section-wrap\">\n\t\t\t\t\t\t\t<section class=\"elementor-section elementor-top-section elementor-element elementor-element-c7a0dbb elementor-section-height-min-height elementor-section-boxed elementor-section-height-default elementor-section-items-middle\" data-id=\"c7a0dbb\" data-element_type=\"section\" data-settings=\"{&quot;background_background&quot;:&quot;classic&quot;}\">\n\t\t\t\t\t\t\t<div class=\"elementor-background-overlay\"><\/div>\n\t\t\t\t\t\t\t<div class=\"elementor-container elementor-column-gap-default\">\n\t\t\t\t\t<div class=\"elementor-column elementor-col-100 elementor-top-column elementor-element elementor-element-59d90f1\" data-id=\"59d90f1\" data-element_type=\"column\">\n\t\t\t<div class=\"elementor-widget-wrap elementor-element-populated\">\n\t\t\t\t\t\t\t\t<div class=\"elementor-element elementor-element-558dad5 elementor-widget elementor-widget-heading\" data-id=\"558dad5\" data-element_type=\"widget\" data-widget_type=\"heading.default\">\n\t\t\t\t<div class=\"elementor-widget-container\">\n\t\t\t<p class=\"elementor-heading-title elementor-size-small\"><br><br> Soutenance<\/p>\t\t<\/div>\n\t\t\t\t<\/div>\n\t\t\t\t<div class=\"elementor-element elementor-element-80c454e elementor-widget-divider--view-line elementor-widget elementor-widget-divider\" data-id=\"80c454e\" data-element_type=\"widget\" data-widget_type=\"divider.default\">\n\t\t\t\t<div class=\"elementor-widget-container\">\n\t\t\t\t\t<div class=\"elementor-divider\">\n\t\t\t<span class=\"elementor-divider-separator\">\n\t\t\t\t\t\t<\/span>\n\t\t<\/div>\n\t\t\t\t<\/div>\n\t\t\t\t<\/div>\n\t\t\t\t\t<\/div>\n\t\t<\/div>\n\t\t\t\t\t\t\t<\/div>\n\t\t<\/section>\n\t\t\t\t<section class=\"elementor-section elementor-top-section elementor-element elementor-element-6a32e51 elementor-section-height-min-height elementor-section-content-middle elementor-section-boxed elementor-section-height-default elementor-section-items-middle\" data-id=\"6a32e51\" data-element_type=\"section\" data-settings=\"{&quot;background_background&quot;:&quot;classic&quot;}\">\n\t\t\t\t\t\t<div class=\"elementor-container elementor-column-gap-default\">\n\t\t\t\t\t<div class=\"elementor-column elementor-col-100 elementor-top-column elementor-element elementor-element-4bf6fab\" data-id=\"4bf6fab\" data-element_type=\"column\">\n\t\t\t<div class=\"elementor-widget-wrap elementor-element-populated\">\n\t\t\t\t\t\t\t\t<div class=\"elementor-element elementor-element-8f281b5 elementor-widget elementor-widget-image\" data-id=\"8f281b5\" data-element_type=\"widget\" data-widget_type=\"image.default\">\n\t\t\t\t<div class=\"elementor-widget-container\">\n\t\t\t\t\t\t\t\t\t\t\t\t<figure class=\"wp-caption\">\n\t\t\t\t\t\t\t\t\t\t<img width=\"735\" height=\"400\" src=\"https:\/\/www.univ-mascara.dz\/fshs\/wp-content\/uploads\/2021\/09\/insdocs.jpg\" class=\"attachment-full size-full\" alt=\"\" loading=\"lazy\" srcset=\"https:\/\/www.univ-mascara.dz\/fshs\/wp-content\/uploads\/2021\/09\/insdocs.jpg 735w, https:\/\/www.univ-mascara.dz\/fshs\/wp-content\/uploads\/2021\/09\/insdocs-300x163.jpg 300w\" sizes=\"(max-width: 735px) 100vw, 735px\" \/>\t\t\t\t\t\t\t\t\t\t\t<figcaption class=\"widget-image-caption wp-caption-text\"><\/figcaption>\n\t\t\t\t\t\t\t\t\t\t<\/figure>\n\t\t\t\t\t\t\t\t\t<\/div>\n\t\t\t\t<\/div>\n\t\t\t\t<div class=\"elementor-element elementor-element-7dfd437 elementor-widget elementor-widget-heading\" data-id=\"7dfd437\" data-element_type=\"widget\" data-widget_type=\"heading.default\">\n\t\t\t\t<div class=\"elementor-widget-container\">\n\t\t\t<div class=\"elementor-heading-title elementor-size-small\">Dossier \u00e0 Fournir pour soutenance de doctorat<\/div>\t\t<\/div>\n\t\t\t\t<\/div>\n\t\t\t\t<div class=\"elementor-element elementor-element-4fe74b7 elementor-widget-divider--view-line elementor-widget elementor-widget-divider\" data-id=\"4fe74b7\" data-element_type=\"widget\" data-widget_type=\"divider.default\">\n\t\t\t\t<div class=\"elementor-widget-container\">\n\t\t\t\t\t<div class=\"elementor-divider\">\n\t\t\t<span class=\"elementor-divider-separator\">\n\t\t\t\t\t\t<\/span>\n\t\t<\/div>\n\t\t\t\t<\/div>\n\t\t\t\t<\/div>\n\t\t\t\t<div class=\"elementor-element elementor-element-a8db973 elementor-widget elementor-widget-text-editor\" data-id=\"a8db973\" data-element_type=\"widget\" data-widget_type=\"text-editor.default\">\n\t\t\t\t<div class=\"elementor-widget-container\">\n\t\t\t\t\t\t\t\t<p style=\"text-align: center;\"><strong><span style=\"color: #ff0000;\">NB: <\/span><\/strong><span style=\"color: #993366;\">Le dossier doit \u00eatre d\u00e9pos\u00e9 au plus tard une semaine avant la tenue de la r\u00e9union des CSD.<\/span><\/p>\t\t\t\t\t\t<\/div>\n\t\t\t\t<\/div>\n\t\t\t\t<div class=\"elementor-element elementor-element-d91634d elementor-widget elementor-widget-toggle\" data-id=\"d91634d\" data-element_type=\"widget\" data-widget_type=\"toggle.default\">\n\t\t\t\t<div class=\"elementor-widget-container\">\n\t\t\t\t\t<div class=\"elementor-toggle\" role=\"tablist\">\n\t\t\t\t\t\t\t<div class=\"elementor-toggle-item\">\n\t\t\t\t\t<div id=\"elementor-tab-title-2271\" class=\"elementor-tab-title\" data-tab=\"1\" role=\"tab\" aria-controls=\"elementor-tab-content-2271\" aria-expanded=\"false\">\n\t\t\t\t\t\t\t\t\t\t\t\t<span class=\"elementor-toggle-icon elementor-toggle-icon-left\" aria-hidden=\"true\">\n\t\t\t\t\t\t\t\t\t\t\t\t\t\t\t<span class=\"elementor-toggle-icon-closed\"><i class=\"fas fa-caret-right\"><\/i><\/span>\n\t\t\t\t\t\t\t\t<span class=\"elementor-toggle-icon-opened\"><i class=\"elementor-toggle-icon-opened fas fa-caret-up\"><\/i><\/span>\n\t\t\t\t\t\t\t\t\t\t\t\t\t<\/span>\n\t\t\t\t\t\t\t\t\t\t\t\t<a href=\"\" class=\"elementor-toggle-title\">Dossier<\/a>\n\t\t\t\t\t<\/div>\n\t\t\t\t\t<div id=\"elementor-tab-content-2271\" class=\"elementor-tab-content elementor-clearfix\" data-tab=\"1\" role=\"tabpanel\" aria-labelledby=\"elementor-tab-title-2271\"><div class=\"checklist\"><p style=\"text-align: right;\"><span style=\"color: #ff6600;\"><strong><b>\u0645\u0644\u0641 \u0627\u0644\u062d\u0635\u0648\u0644 \u0639\u0644\u0649 \u0634\u0647\u0627\u062f\u0629 \u0627\u0644\u062f\u0643\u062a\u0648\u0631\u0627\u0647<\/b><\/strong><\/span><\/p><p style=\"text-align: right;\"><b><\/b><strong><b>02 \u0646\u0633\u062e\u0629 \u0645\u0646 \u0634\u0647\u0627\u062f\u0629 \u0627\u0644\u0645\u064a\u0644\u0627\u062f<\/b><\/strong><\/p><p style=\"text-align: right;\"><b><\/b><strong><b>\u0635\u0648\u0631\u0629 \u0634\u0645\u0633\u064a\u0629<\/b><\/strong><\/p><p style=\"text-align: right;\"><b><\/b><strong><b>\u0646\u0633\u062e\u0629 \u0645\u0646 \u0628\u0637\u0627\u0642\u0629 \u0627\u0644\u062a\u0639\u0631\u064a\u0641 \u0627\u0644\u0648\u0637\u0646\u064a\u0629<\/b><\/strong><\/p><p style=\"text-align: right;\"><b><\/b><strong><b>\u0648\u0635\u0644 \u0625\u064a\u062f\u0627\u0639 \u0627\u0644\u0623\u0637\u0631\u0648\u062d\u0629 \u0645\u0635\u062d\u062d\u0629 <\/b><\/strong><\/p><p style=\"text-align: right;\"><b><\/b><strong><b>\u0648\u062b\u064a\u0642\u0629 \u062a\u0628\u0631\u0626\u0629 \u0627\u0644\u0630\u0645\u0629<\/b><\/strong><\/p><p style=\"text-align: right;\"><b><\/b><strong><b>\u0627\u0644\u0645\u0644\u062d\u0642 \u0631\u0642\u0645 06 <\/b><\/strong><\/p><p style=\"text-align: right;\"><b><\/b><strong><b>\u0646\u0633\u062e\u0629 \u0645\u0635\u062d\u062d\u0629 \u0645\u0646 \u0627\u0644\u0623\u0637\u0631\u0648\u062d\u0629 \u0641\u064a \u0642\u0631\u0635 \u0645\u0636\u063a\u0648\u0637<\/b><\/strong><\/p><p style=\"text-align: right;\"><b><\/b><strong><b>\u0646\u0633\u062e\u0629 \u0645\u0646 \u0648\u0627\u062c\u0647\u0629 \u0627\u0644\u0623\u0637\u0631\u0648\u062d\u0629<\/b><\/strong><\/p><p style=\"text-align: right;\"><b><\/b><strong><b>\u0634\u0647\u0627\u062f\u0629 \u0627\u0644\u0628\u0643\u0627\u0644\u0648\u0631\u064a\u0627 \u0627\u0644\u0623\u0635\u0644\u064a\u0629<\/b><\/strong><\/p><p style=\"text-align: right;\"><b><\/b><strong><b>\u0634\u0647\u0627\u062f\u0627\u062a \u0627\u0644\u062a\u0633\u062c\u064a\u0644 \u0641\u064a \u0637\u0648\u0631 \u0627\u0644\u062f\u0643\u062a\u0648\u0631\u0627\u0647<\/b><\/strong><\/p><\/div><\/div>\n\t\t\t\t<\/div>\n\t\t\t\t\t\t\t\t<\/div>\n\t\t\t\t<\/div>\n\t\t\t\t<\/div>\n\t\t\t\t<div class=\"elementor-element elementor-element-a1e408c elementor-widget elementor-widget-toggle\" data-id=\"a1e408c\" data-element_type=\"widget\" data-widget_type=\"toggle.default\">\n\t\t\t\t<div class=\"elementor-widget-container\">\n\t\t\t\t\t<div class=\"elementor-toggle\" role=\"tablist\">\n\t\t\t\t\t\t\t<div class=\"elementor-toggle-item\">\n\t\t\t\t\t<div id=\"elementor-tab-title-1691\" class=\"elementor-tab-title\" data-tab=\"1\" role=\"tab\" aria-controls=\"elementor-tab-content-1691\" aria-expanded=\"false\">\n\t\t\t\t\t\t\t\t\t\t\t\t<span class=\"elementor-toggle-icon elementor-toggle-icon-left\" aria-hidden=\"true\">\n\t\t\t\t\t\t\t\t\t\t\t\t\t\t\t<span class=\"elementor-toggle-icon-closed\"><i class=\"fas fa-caret-right\"><\/i><\/span>\n\t\t\t\t\t\t\t\t<span class=\"elementor-toggle-icon-opened\"><i class=\"elementor-toggle-icon-opened fas fa-caret-up\"><\/i><\/span>\n\t\t\t\t\t\t\t\t\t\t\t\t\t<\/span>\n\t\t\t\t\t\t\t\t\t\t\t\t<a href=\"\" class=\"elementor-toggle-title\">Document \u00e0 t\u00e9l\u00e9charger <\/a>\n\t\t\t\t\t<\/div>\n\t\t\t\t\t<div id=\"elementor-tab-content-1691\" class=\"elementor-tab-content elementor-clearfix\" data-tab=\"1\" role=\"tabpanel\" aria-labelledby=\"elementor-tab-title-1691\"><ul><li>Rapport de validation des 180 points ( apr\u00e8s 2016 )\u00a0 <a href=\"https:\/\/www.univ-mascara.dz\/wp-content\/uploads\/2025\/10\/Rapport_validation_180p.docx\"><strong>Word<\/strong><\/a><\/li><li>Rapport d\u2019expertise Final <a href=\"https:\/\/www.univ-mascara.dz\/wp-content\/uploads\/2025\/10\/Rapport_Final_Expertise.doc\"><strong>Word<\/strong><\/a><\/li><li>Annexe\u00a0\u00a0 Fr\u00a0\u00a0 <a href=\"https:\/\/www.univ-mascara.dz\/wp-content\/uploads\/2025\/10\/Annexes_Fr.docx\"><strong>Word<\/strong><\/a> AR <a href=\"https:\/\/www.univ-mascara.dz\/wp-content\/uploads\/2025\/10\/Annexes_Ar.docx\"><strong>Word<\/strong><\/a><\/li><li>page de garde th\u00e8se <strong><a href=\"https:\/\/www.univ-mascara.dz\/wp-content\/uploads\/2025\/10\/pagedegarde_Doctorat.doc\">Ar \/fr<\/a><\/strong><\/li><li><p>Rapport de validation des 180 points <a href=\"https:\/\/www.univ-mascara.dz\/wp-content\/uploads\/2025\/10\/Rapport_validation_180p.docx\"><strong>Word<\/strong><\/a><\/p><\/li><li><p>Justification pour la prolongation d&rsquo;inscription en doctorat <strong><a href=\"https:\/\/www.univ-mascara.dz\/wp-content\/uploads\/2025\/10\/Justification_prolongation.doc\">Word<\/a><\/strong><\/p><\/li><li>\u00e9tat d&rsquo;avancement <strong><a href=\"https:\/\/www.univ-mascara.dz\/wp-content\/uploads\/2026\/01\/etat_avanc_doctorat.doc\">Word<\/a><\/strong><\/li><\/ul><\/div>\n\t\t\t\t<\/div>\n\t\t\t\t\t\t\t\t<\/div>\n\t\t\t\t<\/div>\n\t\t\t\t<\/div>\n\t\t\t\t\t<\/div>\n\t\t<\/div>\n\t\t\t\t\t\t\t<\/div>\n\t\t<\/section>\n\t\t\t\t<section class=\"elementor-section elementor-top-section elementor-element elementor-element-6c690dc elementor-section-boxed elementor-section-height-default elementor-section-height-default\" data-id=\"6c690dc\" data-element_type=\"section\" data-settings=\"{&quot;background_background&quot;:&quot;classic&quot;}\">\n\t\t\t\t\t\t<div class=\"elementor-container elementor-column-gap-default\">\n\t\t\t\t\t<div class=\"elementor-column elementor-col-100 elementor-top-column elementor-element elementor-element-5c08403\" data-id=\"5c08403\" data-element_type=\"column\">\n\t\t\t<div class=\"elementor-widget-wrap elementor-element-populated\">\n\t\t\t\t\t\t\t\t<div class=\"elementor-element elementor-element-16b1ec4 elementor-widget-divider--view-line_text elementor-widget-divider--element-align-center elementor-widget elementor-widget-divider\" data-id=\"16b1ec4\" data-element_type=\"widget\" data-widget_type=\"divider.default\">\n\t\t\t\t<div class=\"elementor-widget-container\">\n\t\t\t\t\t<div class=\"elementor-divider\">\n\t\t\t<span class=\"elementor-divider-separator\">\n\t\t\t\t\t\t\t<span class=\"elementor-divider__text elementor-divider__element\">CONTACT<\/span>\n\t\t\t\t\t\t<\/span>\n\t\t<\/div>\n\t\t\t\t<\/div>\n\t\t\t\t<\/div>\n\t\t\t\t\t<\/div>\n\t\t<\/div>\n\t\t\t\t\t\t\t<\/div>\n\t\t<\/section>\n\t\t\t\t<section class=\"elementor-section elementor-top-section elementor-element elementor-element-9cca26f elementor-section-height-min-height elementor-section-items-bottom elementor-section-content-top elementor-section-boxed elementor-section-height-default\" data-id=\"9cca26f\" data-element_type=\"section\" data-settings=\"{&quot;background_background&quot;:&quot;classic&quot;,&quot;animation&quot;:&quot;none&quot;}\">\n\t\t\t\t\t\t<div class=\"elementor-container elementor-column-gap-default\">\n\t\t\t\t\t<div class=\"elementor-column elementor-col-100 elementor-top-column elementor-element elementor-element-9d7d0ed\" data-id=\"9d7d0ed\" data-element_type=\"column\">\n\t\t\t<div class=\"elementor-widget-wrap elementor-element-populated\">\n\t\t\t\t\t\t\t\t<div class=\"elementor-element elementor-element-e27dca3 elementor-widget elementor-widget-heading\" data-id=\"e27dca3\" data-element_type=\"widget\" data-widget_type=\"heading.default\">\n\t\t\t\t<div class=\"elementor-widget-container\">\n\t\t\t<p class=\"elementor-heading-title elementor-size-default\">Vice doyen\u00a0 de la post graduation <br>Pr. REBANI el  hadj \n<\/p>\t\t<\/div>\n\t\t\t\t<\/div>\n\t\t\t\t<div class=\"elementor-element elementor-element-907cf82 elementor-widget elementor-widget-heading\" data-id=\"907cf82\" data-element_type=\"widget\" data-widget_type=\"heading.default\">\n\t\t\t\t<div class=\"elementor-widget-container\">\n\t\t\t<h2 class=\"elementor-heading-title elementor-size-default\">T\u00e9l. : 045 70 75 22\n<\/h2>\t\t<\/div>\n\t\t\t\t<\/div>\n\t\t\t\t<div class=\"elementor-element elementor-element-11aa52c elementor-widget elementor-widget-text-editor\" data-id=\"11aa52c\" data-element_type=\"widget\" data-widget_type=\"text-editor.default\">\n\t\t\t\t<div class=\"elementor-widget-container\">\n\t\t\t\t\t\t\t\t<p>elhadj.rebani@univ-mascara.dz<\/p>\t\t\t\t\t\t<\/div>\n\t\t\t\t<\/div>\n\t\t\t\t\t<\/div>\n\t\t<\/div>\n\t\t\t\t\t\t\t<\/div>\n\t\t<\/section>\n\t\t\t\t\t\t<\/div>\n\t\t\t\t\t<\/div>\n\t\t","protected":false},"excerpt":{"rendered":"<p>Soutenance Dossier \u00e0 Fournir pour soutenance de doctorat NB: Le dossier doit \u00eatre d\u00e9pos\u00e9 au plus tard une semaine avant la tenue de la r\u00e9union des CSD. Dossier \u0645\u0644\u0641 \u0627\u0644\u062d\u0635\u0648\u0644 \u0639\u0644\u0649 \u0634\u0647\u0627\u062f\u0629 \u0627\u0644\u062f\u0643\u062a\u0648\u0631\u0627\u0647 02 \u0646\u0633\u062e\u0629 \u0645\u0646 \u0634\u0647\u0627\u062f\u0629 \u0627\u0644\u0645\u064a\u0644\u0627\u062f \u0635\u0648\u0631\u0629 \u0634\u0645\u0633\u064a\u0629 \u0646\u0633\u062e\u0629 \u0645\u0646 \u0628\u0637\u0627\u0642\u0629 \u0627\u0644\u062a\u0639\u0631\u064a\u0641 \u0627\u0644\u0648\u0637\u0646\u064a\u0629 \u0648\u0635\u0644 \u0625\u064a\u062f\u0627\u0639 \u0627\u0644\u0623\u0637\u0631\u0648\u062d\u0629 \u0645\u0635\u062d\u062d\u0629 \u0648\u062b\u064a\u0642\u0629 \u062a\u0628\u0631\u0626\u0629 \u0627\u0644\u0630\u0645\u0629 \u0627\u0644\u0645\u0644\u062d\u0642 \u0631\u0642\u0645 06 &hellip;<\/p>\n<p class=\"read-more\"> <a class=\"\" href=\"https:\/\/www.univ-mascara.dz\/fshs\/?page_id=2836\"> <span class=\"screen-reader-text\">Soutenances<\/span> Lire la suite\u00a0\u00bb<\/a><\/p>\n","protected":false},"author":5,"featured_media":0,"parent":0,"menu_order":0,"comment_status":"closed","ping_status":"closed","template":"","meta":[],"_links":{"self":[{"href":"https:\/\/www.univ-mascara.dz\/fshs\/index.php?rest_route=\/wp\/v2\/pages\/2836"}],"collection":[{"href":"https:\/\/www.univ-mascara.dz\/fshs\/index.php?rest_route=\/wp\/v2\/pages"}],"about":[{"href":"https:\/\/www.univ-mascara.dz\/fshs\/index.php?rest_route=\/wp\/v2\/types\/page"}],"author":[{"embeddable":true,"href":"https:\/\/www.univ-mascara.dz\/fshs\/index.php?rest_route=\/wp\/v2\/users\/5"}],"replies":[{"embeddable":true,"href":"https:\/\/www.univ-mascara.dz\/fshs\/index.php?rest_route=%2Fwp%2Fv2%2Fcomments&post=2836"}],"version-history":[{"count":137,"href":"https:\/\/www.univ-mascara.dz\/fshs\/index.php?rest_route=\/wp\/v2\/pages\/2836\/revisions"}],"predecessor-version":[{"id":14323,"href":"https:\/\/www.univ-mascara.dz\/fshs\/index.php?rest_route=\/wp\/v2\/pages\/2836\/revisions\/14323"}],"wp:attachment":[{"href":"https:\/\/www.univ-mascara.dz\/fshs\/index.php?rest_route=%2Fwp%2Fv2%2Fmedia&parent=2836"}],"curies":[{"name":"wp","href":"https:\/\/api.w.org\/{rel}","templated":true}]}}