{"id":2943,"date":"2021-09-23T10:38:16","date_gmt":"2021-09-23T09:38:16","guid":{"rendered":"http:\/\/193.194.87.76\/fsnv\/?page_id=2943"},"modified":"2026-03-24T14:02:27","modified_gmt":"2026-03-24T13:02:27","slug":"production-scientifique","status":"publish","type":"page","link":"https:\/\/www.univ-mascara.dz\/fshs\/?page_id=2943","title":{"rendered":"production scientifique"},"content":{"rendered":"\t\t<div data-elementor-type=\"wp-page\" data-elementor-id=\"2943\" class=\"elementor elementor-2943\" data-elementor-settings=\"[]\">\n\t\t\t\t\t\t\t<div class=\"elementor-section-wrap\">\n\t\t\t\t\t\t\t<section class=\"elementor-section elementor-top-section elementor-element elementor-element-6eba0d9 elementor-section-height-min-height elementor-section-boxed elementor-section-height-default elementor-section-items-middle\" data-id=\"6eba0d9\" data-element_type=\"section\" data-settings=\"{&quot;background_background&quot;:&quot;classic&quot;}\">\n\t\t\t\t\t\t\t<div class=\"elementor-background-overlay\"><\/div>\n\t\t\t\t\t\t\t<div class=\"elementor-container elementor-column-gap-default\">\n\t\t\t\t\t<div class=\"elementor-column elementor-col-100 elementor-top-column elementor-element elementor-element-5064456\" data-id=\"5064456\" data-element_type=\"column\">\n\t\t\t<div class=\"elementor-widget-wrap elementor-element-populated\">\n\t\t\t\t\t\t\t\t<div class=\"elementor-element elementor-element-83e1040 elementor-widget elementor-widget-heading\" data-id=\"83e1040\" data-element_type=\"widget\" data-widget_type=\"heading.default\">\n\t\t\t\t<div class=\"elementor-widget-container\">\n\t\t\t<span class=\"elementor-heading-title elementor-size-default\"><br><br><br> Productions et Manifestations Scientifique <\/span>\t\t<\/div>\n\t\t\t\t<\/div>\n\t\t\t\t<div class=\"elementor-element elementor-element-ad39d3f elementor-widget-divider--view-line elementor-widget elementor-widget-divider\" data-id=\"ad39d3f\" data-element_type=\"widget\" data-widget_type=\"divider.default\">\n\t\t\t\t<div class=\"elementor-widget-container\">\n\t\t\t\t\t<div class=\"elementor-divider\">\n\t\t\t<span class=\"elementor-divider-separator\">\n\t\t\t\t\t\t<\/span>\n\t\t<\/div>\n\t\t\t\t<\/div>\n\t\t\t\t<\/div>\n\t\t\t\t\t<\/div>\n\t\t<\/div>\n\t\t\t\t\t\t\t<\/div>\n\t\t<\/section>\n\t\t\t\t<section class=\"elementor-section elementor-top-section elementor-element elementor-element-6d144d4 elementor-section-height-min-height elementor-section-content-middle elementor-section-boxed elementor-section-height-default elementor-section-items-middle\" data-id=\"6d144d4\" data-element_type=\"section\" data-settings=\"{&quot;background_background&quot;:&quot;classic&quot;}\">\n\t\t\t\t\t\t<div class=\"elementor-container elementor-column-gap-default\">\n\t\t\t\t\t<div class=\"elementor-column elementor-col-100 elementor-top-column elementor-element elementor-element-dd670d8\" data-id=\"dd670d8\" data-element_type=\"column\">\n\t\t\t<div class=\"elementor-widget-wrap elementor-element-populated\">\n\t\t\t\t\t\t\t\t<div class=\"elementor-element elementor-element-d0c5659 elementor-widget-divider--view-line elementor-widget elementor-widget-divider\" data-id=\"d0c5659\" data-element_type=\"widget\" data-widget_type=\"divider.default\">\n\t\t\t\t<div class=\"elementor-widget-container\">\n\t\t\t\t\t<div class=\"elementor-divider\">\n\t\t\t<span class=\"elementor-divider-separator\">\n\t\t\t\t\t\t<\/span>\n\t\t<\/div>\n\t\t\t\t<\/div>\n\t\t\t\t<\/div>\n\t\t\t\t<div class=\"elementor-element elementor-element-242b9c5 elementor-widget elementor-widget-heading\" data-id=\"242b9c5\" data-element_type=\"widget\" data-widget_type=\"heading.default\">\n\t\t\t\t<div class=\"elementor-widget-container\">\n\t\t\t<p class=\"elementor-heading-title elementor-size-default\">Manifestations scientifiques<\/p>\t\t<\/div>\n\t\t\t\t<\/div>\n\t\t\t\t<div class=\"elementor-element elementor-element-903c3ec elementor-widget elementor-widget-premium-addon-banner\" data-id=\"903c3ec\" data-element_type=\"widget\" data-widget_type=\"premium-addon-banner.default\">\n\t\t\t\t<div class=\"elementor-widget-container\">\n\t\t\t\t\t<div id=\"premium-banner-903c3ec\" class=\"premium-banner\">\r\n\t\t\t<div class=\"premium-banner-ib premium-banner-animation11 scale premium-banner-min-height\">\r\n\t\t\t\t\t\t\t\t\t\t\t\t\t\t\t\t\t\t\t<div class=\"premium-banner-img-wrap\">\r\n\t\t\t\t\t\t\t\t\t\t\t<img width=\"960\" height=\"260\" src=\"https:\/\/www.univ-mascara.dz\/fshs\/wp-content\/uploads\/2022\/10\/departement_banner.jpg\" class=\"attachment-full size-full\" alt=\"\" loading=\"lazy\" \/>\t\t\t\t\t\t\t\t\t\t\t<\/div>\r\n\t\t\t\t\t\t\t\t\t\t\t\t\t\t\t<div class=\"premium-banner-gradient\"><\/div>\r\n\t\t\t\t\t\t\t\t<div class=\"premium-banner-ib-desc\">\r\n\t\t\t\t\t<div class=\"premium-banner-desc-centered\">\r\n\t\t\t\t\t\t<div class=\"premium-banner-title-wrap\"><div class=\"premium-banner-ib-title premium_banner_title\">Manifestations scientifiques<\/div><\/div>\t\t\t\t\t\t\t\t\t\t\t<\/div>\r\n\t\t\t\t<\/div>\r\n\t\t\t\t\t\t\t<\/div>\r\n\t\t\t\t\t<\/div>\r\n\t\t\t\t<\/div>\n\t\t\t\t<\/div>\n\t\t\t\t<div class=\"elementor-element elementor-element-e8b7ecf elementor-icon-list--layout-traditional elementor-list-item-link-full_width elementor-widget elementor-widget-icon-list\" data-id=\"e8b7ecf\" data-element_type=\"widget\" data-widget_type=\"icon-list.default\">\n\t\t\t\t<div class=\"elementor-widget-container\">\n\t\t\t\t\t<ul class=\"elementor-icon-list-items\">\n\t\t\t\t\t\t\t<li class=\"elementor-icon-list-item\">\n\t\t\t\t\t\t\t\t\t\t\t<span class=\"elementor-icon-list-icon\">\n\t\t\t\t\t\t\t<i aria-hidden=\"true\" class=\"fas fa-arrow-alt-circle-right\"><\/i>\t\t\t\t\t\t<\/span>\n\t\t\t\t\t\t\t\t\t\t<span class=\"elementor-icon-list-text\">Bilan (janvier-avril 2026)<\/span>\n\t\t\t\t\t\t\t\t\t<\/li>\n\t\t\t\t\t\t\t\t<li class=\"elementor-icon-list-item\">\n\t\t\t\t\t<a href=\"http:\/\/nv.univ-mascara.dz\/fshs\/wp-content\/uploads\/2022\/10\/\u0627\u0644\u0646\u0634\u0627\u0637\u0627\u062a-\u0627\u0644\u0639\u0644\u0645\u064a\u0629-2021.docx\">\t\t\t\t\t\t<span class=\"elementor-icon-list-icon\">\n\t\t\t\t\t\t\t<i aria-hidden=\"true\" class=\"fas fa-arrow-alt-circle-right\"><\/i>\t\t\t\t\t\t<\/span>\n\t\t\t\t\t\t\t\t\t\t<span class=\"elementor-icon-list-text\">Manifestations scientifiques 2021\u00a0 \u00a0 \u00a0 \u00a0<\/span>\n\t\t\t\t\t\t\t\t\t\t\t<\/a>\n\t\t\t\t\t\t\t\t\t<\/li>\n\t\t\t\t\t\t\t\t<li class=\"elementor-icon-list-item\">\n\t\t\t\t\t<a href=\"http:\/\/nv.univ-mascara.dz\/fshs\/wp-content\/uploads\/2022\/10\/\u0627\u0644\u0646\u0634\u0627\u0637\u0627\u062a-\u0627\u0644\u0639\u0644\u0645\u064a\u0629-2022.docx\">\t\t\t\t\t\t<span class=\"elementor-icon-list-icon\">\n\t\t\t\t\t\t\t<i aria-hidden=\"true\" class=\"fas fa-arrow-alt-circle-right\"><\/i>\t\t\t\t\t\t<\/span>\n\t\t\t\t\t\t\t\t\t\t<span class=\"elementor-icon-list-text\">Manifestations scientifiques 2022<\/span>\n\t\t\t\t\t\t\t\t\t\t\t<\/a>\n\t\t\t\t\t\t\t\t\t<\/li>\n\t\t\t\t\t\t<\/ul>\n\t\t\t\t<\/div>\n\t\t\t\t<\/div>\n\t\t\t\t\t<\/div>\n\t\t<\/div>\n\t\t\t\t\t\t\t<\/div>\n\t\t<\/section>\n\t\t\t\t<section class=\"elementor-section elementor-top-section elementor-element elementor-element-d02eef1 elementor-section-boxed elementor-section-height-default elementor-section-height-default\" data-id=\"d02eef1\" data-element_type=\"section\" data-settings=\"{&quot;background_background&quot;:&quot;classic&quot;}\">\n\t\t\t\t\t\t<div class=\"elementor-container elementor-column-gap-default\">\n\t\t\t\t\t<div class=\"elementor-column elementor-col-100 elementor-top-column elementor-element elementor-element-e86cdde\" data-id=\"e86cdde\" data-element_type=\"column\">\n\t\t\t<div class=\"elementor-widget-wrap elementor-element-populated\">\n\t\t\t\t\t\t\t\t<div class=\"elementor-element elementor-element-a63dbab elementor-widget elementor-widget-toggle\" data-id=\"a63dbab\" data-element_type=\"widget\" data-widget_type=\"toggle.default\">\n\t\t\t\t<div class=\"elementor-widget-container\">\n\t\t\t\t\t<div class=\"elementor-toggle\" role=\"tablist\">\n\t\t\t\t\t\t\t<div class=\"elementor-toggle-item\">\n\t\t\t\t\t<div id=\"elementor-tab-title-1741\" class=\"elementor-tab-title\" data-tab=\"1\" role=\"tab\" aria-controls=\"elementor-tab-content-1741\" aria-expanded=\"false\">\n\t\t\t\t\t\t\t\t\t\t\t\t<span class=\"elementor-toggle-icon elementor-toggle-icon-left\" aria-hidden=\"true\">\n\t\t\t\t\t\t\t\t\t\t\t\t\t\t\t<span class=\"elementor-toggle-icon-closed\"><i class=\"fas fa-caret-right\"><\/i><\/span>\n\t\t\t\t\t\t\t\t<span class=\"elementor-toggle-icon-opened\"><i class=\"elementor-toggle-icon-opened fas fa-caret-up\"><\/i><\/span>\n\t\t\t\t\t\t\t\t\t\t\t\t\t<\/span>\n\t\t\t\t\t\t\t\t\t\t\t\t<a href=\"\" class=\"elementor-toggle-title\">Bilan (janvier-avril 2026) d\u00e9taill\u00e9<\/a>\n\t\t\t\t\t<\/div>\n\t\t\t\t\t<div id=\"elementor-tab-content-1741\" class=\"elementor-tab-content elementor-clearfix\" data-tab=\"1\" role=\"tabpanel\" aria-labelledby=\"elementor-tab-title-1741\"><p><b>Bilan de l&rsquo;Activit\u00e9 Scientifique et Intellectuelle Janvier \u2014 Avril 2026 Facult\u00e9 des\u00a0 <\/b><b>Sciences Humaines et Sociales \u2014 Universit\u00e9 Mustapha Stambouli, Mascara <\/b><\/p><p>La Facult\u00e9 des Sciences Humaines et Sociales de l&rsquo;Universit\u00e9 Mustapha Stambouli de Mascara a le plaisir de pr\u00e9senter \u00e0 sa communaut\u00e9 acad\u00e9mique le bilan de ses r\u00e9alisations<\/p><p>majeures pour la p\u00e9riode allant de janvier \u00e0 ce jour, au titre de la saison universitaire 2025\/2026.<\/p><ol><li><b> S\u00e9rie Mardi_du_Chercheur <\/b><\/li><\/ol><p>La facult\u00e9 a maintenu la r\u00e9gularit\u00e9 de sa s\u00e9rie scientifique \u00ab\u00a0Mardi du Chercheur\u00a0\u00bb, avec quatre sessions :<\/p><p>\uf0b7 <b>27 janv 2026 : <\/b>Pr\u00e9sentation d&rsquo;ouvrage avec les Pr. Bekdar Tahar et Pr. Bahloul Sid Ahmed, sous la direction du Dr. Boukaabar Takieddine.<\/p><p>\uf0b7 <b>17 f\u00e9v 2026 : <\/b>Pr\u00e9sentation du livre \u00ab\u00a0\u00c9tudes sur les espaces publics\u00a0\u00bb du Dr. Soualmia Nouria et Mimouni Shahrazad.<\/p><p>\uf0b7 <b>03 mars 2026 : <\/b>D\u00e9bat sur \u00ab\u00a0Courants intellectuels et doctrines philosophiques\u00a0\u00bb avec les Pr. Hammadi Houari et Pr. Khelifi Bachir.<\/p><p>\uf0b7 <b>06 avril 2026 : <\/b>5\u00e8me session sur \u00ab\u00a0Le Corona dans un monde inquiet\u00a0\u00bb, sous la direction du Pr. Kada Ben Meghnia. (Programm\u00e9)<\/p><ol><li><b> Colloques et S\u00e9minaires Nationaux <\/b><\/li><\/ol><p>\uf0b7 <b>09 f\u00e9v 2026 : <\/b>Colloque national \u00ab\u00a0L&rsquo;orientation scolaire en Alg\u00e9rie : R\u00e9alit\u00e9 et d\u00e9fis\u00a0\u00bb, dirig\u00e9 par Dr. Moussaoui Fatima et Dr. Dendan Asma.<\/p><p>\uf0b7 <b>16 f\u00e9v 2026 : <\/b>S\u00e9minaire historique \u00ab\u00a0La deuxi\u00e8me All\u00e9geance (Moubayaa) de l&rsquo;\u00c9mir Abdelkader\u00a0\u00bb, coordonn\u00e9 par le Pr. Belmehdi Ali.<\/p><p>\uf0b7 <b>16 f\u00e9v 2026 : <\/b>Colloque \u00ab\u00a0Journ\u00e9e mondiale de la logique\u00a0\u00bb, avec des chercheurs des universit\u00e9s de Tlemcen et Mascara.<\/p><p>\uf0b7 <b>18 f\u00e9v 2026 : <\/b>S\u00e9minaire comm\u00e9moratif de la \u00ab\u00a0Journ\u00e9e du Chahid\u00a0\u00bb, dirig\u00e9 par le Dr. Bernou Taoufik.<\/p><p>\uf0b7 <b>08 avril 2026 : <\/b>Colloque sur \u00ab\u00a0La probl\u00e9matique de la subsistance et de l&rsquo;eau au Maghreb \u00e0 travers les \u00e2ges\u00a0\u00bb. (Programm\u00e9)<\/p><p><b>III. S\u00e9rie Ponts_du_Savoir <\/b><\/p><p>Lanc\u00e9e cette saison pour les \u00e9tudiants de Master 2 sous la direction du Dr. Khalouat Halima.<\/p><p>La premi\u00e8re session (08 avril) a trait\u00e9 de \u00ab\u00a0L&rsquo;actualit\u00e9 de la philosophie : Ontologie du pr\u00e9sent\u00a0\u00bb.<\/p><ol><li><b> \u00c0 l&rsquo;Horizon (\u00c9v\u00e9nements \u00e0 venir : Avril \u2014 Mai 2026) <\/b><\/li><\/ol><p>\uf0b7 <b>20 avril : <\/b>Colloque national sur la \u00ab\u00a0Sant\u00e9 au travail\u00a0\u00bb.<\/p><p>\uf0b7 <b>23 avril : <\/b>2\u00e8me colloque national sur \u00ab\u00a0Les textes philosophiques et litt\u00e9raires en Alg\u00e9rie\u00a0\u00bb.<\/p><p>\uf0b7 <b>29 avril : <\/b>Colloque \u00ab\u00a0Pens\u00e9e p\u00e9dagogique et transformation num\u00e9rique\u00a0\u00bb et lancement de \u00ab\u00a0L&rsquo;invit\u00e9 de la facult\u00e9\u00a0\u00bb avec le Pr. Moulfi Mohamed (Univ. Oran).\uf0b7 <b>16 mai : <\/b>3\u00e8me s\u00e9minaire de Ponts du Savoir sur \u00ab\u00a0La philosophie et le quotidien\u00a0\u00bb.<\/p><p><b>Agenda Scientifique Programm\u00e9 : Avril \u2014 D\u00e9cembre 2026 <\/b><\/p><p><i>Selon les r\u00e9solutions du Conseil Scientifique (3\u00e8me session 2026). <\/i><\/p><ol><li><b> Activit\u00e9s des D\u00e9partements : <\/b><\/li><\/ol><p>\uf0b7 <b>D\u00e9pt Philosophie : <\/b>\u00ab\u00a0Existence, Temps et Sens\u00a0\u00bb (19 nov).<\/p><p>\uf0b7 <b>D\u00e9pt Sociologie : <\/b>\u00ab\u00a0Math\u00e9matiques et Soci\u00e9t\u00e9\u00a0\u00bb (11 mai) et \u00ab\u00a0La famille alg\u00e9rienne \u00e0 l&rsquo;\u00e8re du num\u00e9rique\u00a0\u00bb (21 mai).<\/p><p>\uf0b7 <b>D\u00e9pt Sciences Humaines : <\/b>\u00ab\u00a0Les figures c\u00e9l\u00e8bres de Mascara\u00a0\u00bb (02 d\u00e9c) et \u00ab\u00a0L&rsquo;\u00e9tudiant et la R\u00e9volution alg\u00e9rienne\u00a0\u00bb (19 mai &#8211; Hybride).<\/p><ol start=\"2\"><li><b> Activit\u00e9s du Laboratoire (Recherches Sociales et Historiques) : <\/b><\/li><\/ol><p>\uf0b7 <b>Conf\u00e9rences : <\/b>Gestion des RH (f\u00e9v), l&rsquo;Archive et l&rsquo;Histoire (avril), l&rsquo;Enseignement \u00e0 l&rsquo;\u00e9poque ottomane (mai).<\/p><p>\uf0b7 <b>Cercles de lecture : <\/b>Ouvrages sur \u00ab\u00a0L&rsquo;\u00c9mir Abdelkader\u00a0\u00bb et \u00ab\u00a0Berriet El-Sheikh Sid El Bachir\u00a0\u00bb.<\/p><p><b>La Facult\u00e9 des Sciences Humaines et Sociales&#8230; un espace de production du savoir et une <\/b><b>tribune pour le dialogue.<\/b><\/p><\/div>\n\t\t\t\t<\/div>\n\t\t\t\t\t\t\t\t<\/div>\n\t\t\t\t<\/div>\n\t\t\t\t<\/div>\n\t\t\t\t\t<\/div>\n\t\t<\/div>\n\t\t\t\t\t\t\t<\/div>\n\t\t<\/section>\n\t\t\t\t<section class=\"elementor-section elementor-top-section elementor-element elementor-element-a7ee88e elementor-section-boxed elementor-section-height-default elementor-section-height-default\" data-id=\"a7ee88e\" data-element_type=\"section\" data-settings=\"{&quot;background_background&quot;:&quot;classic&quot;}\">\n\t\t\t\t\t\t<div class=\"elementor-container elementor-column-gap-default\">\n\t\t\t\t\t<div class=\"elementor-column elementor-col-100 elementor-top-column elementor-element elementor-element-5716aad\" data-id=\"5716aad\" data-element_type=\"column\">\n\t\t\t<div class=\"elementor-widget-wrap elementor-element-populated\">\n\t\t\t\t\t\t\t\t<div class=\"elementor-element elementor-element-6c28eb3 elementor-widget-divider--view-line elementor-widget elementor-widget-divider\" data-id=\"6c28eb3\" data-element_type=\"widget\" data-widget_type=\"divider.default\">\n\t\t\t\t<div class=\"elementor-widget-container\">\n\t\t\t\t\t<div class=\"elementor-divider\">\n\t\t\t<span class=\"elementor-divider-separator\">\n\t\t\t\t\t\t<\/span>\n\t\t<\/div>\n\t\t\t\t<\/div>\n\t\t\t\t<\/div>\n\t\t\t\t<div class=\"elementor-element elementor-element-0162b07 elementor-widget elementor-widget-heading\" data-id=\"0162b07\" data-element_type=\"widget\" data-widget_type=\"heading.default\">\n\t\t\t\t<div class=\"elementor-widget-container\">\n\t\t\t<div class=\"elementor-heading-title elementor-size-large\"><a href=\"https:\/\/web.univ-mascara.dz\/events\/pages\/\">consulter plate forme Manifestations scientifiques<\/a><\/div>\t\t<\/div>\n\t\t\t\t<\/div>\n\t\t\t\t<div class=\"elementor-element elementor-element-d23edff elementor-widget-divider--view-line elementor-widget elementor-widget-divider\" data-id=\"d23edff\" data-element_type=\"widget\" data-widget_type=\"divider.default\">\n\t\t\t\t<div class=\"elementor-widget-container\">\n\t\t\t\t\t<div class=\"elementor-divider\">\n\t\t\t<span class=\"elementor-divider-separator\">\n\t\t\t\t\t\t<\/span>\n\t\t<\/div>\n\t\t\t\t<\/div>\n\t\t\t\t<\/div>\n\t\t\t\t\t<\/div>\n\t\t<\/div>\n\t\t\t\t\t\t\t<\/div>\n\t\t<\/section>\n\t\t\t\t<section class=\"elementor-section elementor-top-section elementor-element elementor-element-9c5ff7d elementor-section-boxed elementor-section-height-default elementor-section-height-default\" data-id=\"9c5ff7d\" data-element_type=\"section\" data-settings=\"{&quot;background_background&quot;:&quot;classic&quot;}\">\n\t\t\t\t\t\t<div class=\"elementor-container elementor-column-gap-default\">\n\t\t\t\t\t<div class=\"elementor-column elementor-col-100 elementor-top-column elementor-element elementor-element-962d1b8\" data-id=\"962d1b8\" data-element_type=\"column\">\n\t\t\t<div class=\"elementor-widget-wrap elementor-element-populated\">\n\t\t\t\t\t\t\t\t<div class=\"elementor-element elementor-element-5cb0e8a elementor-widget-divider--view-line elementor-widget elementor-widget-divider\" data-id=\"5cb0e8a\" data-element_type=\"widget\" data-widget_type=\"divider.default\">\n\t\t\t\t<div class=\"elementor-widget-container\">\n\t\t\t\t\t<div class=\"elementor-divider\">\n\t\t\t<span class=\"elementor-divider-separator\">\n\t\t\t\t\t\t<\/span>\n\t\t<\/div>\n\t\t\t\t<\/div>\n\t\t\t\t<\/div>\n\t\t\t\t<div class=\"elementor-element elementor-element-f694647 elementor-widget elementor-widget-heading\" data-id=\"f694647\" data-element_type=\"widget\" data-widget_type=\"heading.default\">\n\t\t\t\t<div class=\"elementor-widget-container\">\n\t\t\t<div class=\"elementor-heading-title elementor-size-large\">Revues Scientifiques<\/div>\t\t<\/div>\n\t\t\t\t<\/div>\n\t\t\t\t\t<\/div>\n\t\t<\/div>\n\t\t\t\t\t\t\t<\/div>\n\t\t<\/section>\n\t\t\t\t<section class=\"elementor-section elementor-top-section elementor-element elementor-element-15c65a3 elementor-section-boxed elementor-section-height-default elementor-section-height-default\" data-id=\"15c65a3\" data-element_type=\"section\" data-settings=\"{&quot;background_background&quot;:&quot;classic&quot;,&quot;animation&quot;:&quot;none&quot;}\">\n\t\t\t\t\t\t<div class=\"elementor-container elementor-column-gap-default\">\n\t\t\t\t\t<div class=\"elementor-column elementor-col-50 elementor-top-column elementor-element elementor-element-30e9cfe\" data-id=\"30e9cfe\" data-element_type=\"column\">\n\t\t\t<div class=\"elementor-widget-wrap elementor-element-populated\">\n\t\t\t\t\t\t\t\t<div class=\"elementor-element elementor-element-79141d5 elementor-widget elementor-widget-premium-addon-banner\" data-id=\"79141d5\" data-element_type=\"widget\" data-widget_type=\"premium-addon-banner.default\">\n\t\t\t\t<div class=\"elementor-widget-container\">\n\t\t\t\t\t<div id=\"premium-banner-79141d5\" class=\"premium-banner\">\r\n\t\t\t<div class=\"premium-banner-ib premium-banner-animation1 blur premium-banner-min-height\">\r\n\t\t\t\t\t\t\t\t\t\t\t\t\t\t\t\t\t\t\t<img width=\"341\" height=\"168\" src=\"https:\/\/www.univ-mascara.dz\/fshs\/wp-content\/uploads\/2023\/05\/almakif.png\" class=\"attachment-medium_large size-medium_large\" alt=\"\" loading=\"lazy\" \/>\t\t\t\t\t\t\t\t\t\t\t\t\t<div class=\"premium-banner-ib-desc\">\r\n\t\t\t\t\t<div class=\"premium-banner-desc-centered\">\r\n\t\t\t\t\t\t<div class=\"premium-banner-title-wrap\"><div class=\"premium-banner-ib-title premium_banner_title\">AL-MAWAQIF\u200b<\/div><\/div>\t\t\t\t\t\t\t\t\t\t\t<\/div>\r\n\t\t\t\t<\/div>\r\n\t\t\t\t<a class=\"premium-banner-ib-link\" href=\"https:\/\/www.asjp.cerist.dz\/en\/PresentationRevue\/142\" title=\"\"><\/a>\t\t\t<\/div>\r\n\t\t\t\t\t<\/div>\r\n\t\t\t\t<\/div>\n\t\t\t\t<\/div>\n\t\t\t\t\t<\/div>\n\t\t<\/div>\n\t\t\t\t<div class=\"elementor-column elementor-col-50 elementor-top-column elementor-element elementor-element-3db52e8\" data-id=\"3db52e8\" data-element_type=\"column\">\n\t\t\t<div class=\"elementor-widget-wrap elementor-element-populated\">\n\t\t\t\t\t\t\t\t<div class=\"elementor-element elementor-element-ebb500b elementor-widget elementor-widget-premium-addon-banner\" data-id=\"ebb500b\" data-element_type=\"widget\" data-widget_type=\"premium-addon-banner.default\">\n\t\t\t\t<div class=\"elementor-widget-container\">\n\t\t\t\t\t<div id=\"premium-banner-ebb500b\" class=\"premium-banner\">\r\n\t\t\t<div class=\"premium-banner-ib premium-banner-animation1 blur premium-banner-min-height\">\r\n\t\t\t\t\t\t\t\t\t\t\t\t\t\t\t\t\t\t\t<img width=\"300\" height=\"149\" src=\"https:\/\/www.univ-mascara.dz\/fshs\/wp-content\/uploads\/2023\/05\/alnasiriya-300x149-1.png\" class=\"attachment-medium size-medium\" alt=\"\" loading=\"lazy\" \/>\t\t\t\t\t\t\t\t\t\t\t\t\t<div class=\"premium-banner-ib-desc\">\r\n\t\t\t\t\t<div class=\"premium-banner-desc-centered\">\r\n\t\t\t\t\t\t<div class=\"premium-banner-title-wrap\"><div class=\"premium-banner-ib-title premium_banner_title\">AL-NACYRIA\u200b<\/div><\/div>\t\t\t\t\t\t\t<div class=\"premium-banner-ib-content premium_banner_content\">\r\n\t\t\t\t\t\t\t\t<div >\r\n\t\t\t\t\t\t\t\t\t<p><strong>revue du laboratoire des recherches sociologiques et historiques<\/strong><\/p>\t\t\t\t\t\t\t\t<\/div>\r\n\t\t\t\t\t\t\t<\/div>\r\n\t\t\t\t\t\t\t\t\t\t\t\t\t\t\t\t\t<\/div>\r\n\t\t\t\t<\/div>\r\n\t\t\t\t<a class=\"premium-banner-ib-link\" href=\"https:\/\/www.asjp.cerist.dz\/en\/PresentationRevue\/144\" title=\"\"><\/a>\t\t\t<\/div>\r\n\t\t\t\t\t<\/div>\r\n\t\t\t\t<\/div>\n\t\t\t\t<\/div>\n\t\t\t\t\t<\/div>\n\t\t<\/div>\n\t\t\t\t\t\t\t<\/div>\n\t\t<\/section>\n\t\t\t\t\t\t<\/div>\n\t\t\t\t\t<\/div>\n\t\t","protected":false},"excerpt":{"rendered":"<p>Productions et Manifestations Scientifique Manifestations scientifiques Manifestations scientifiques Bilan (janvier-avril 2026) Manifestations scientifiques 2021\u00a0 \u00a0 \u00a0 \u00a0 Manifestations scientifiques 2022 Bilan (janvier-avril 2026) d\u00e9taill\u00e9 Bilan de l&rsquo;Activit\u00e9 Scientifique et Intellectuelle Janvier \u2014 Avril 2026 Facult\u00e9 des\u00a0 Sciences Humaines et Sociales \u2014 Universit\u00e9 Mustapha Stambouli, Mascara La Facult\u00e9 des Sciences Humaines et Sociales de l&rsquo;Universit\u00e9 Mustapha &hellip;<\/p>\n<p class=\"read-more\"> <a class=\"\" href=\"https:\/\/www.univ-mascara.dz\/fshs\/?page_id=2943\"> <span class=\"screen-reader-text\">production scientifique<\/span> Lire la suite\u00a0\u00bb<\/a><\/p>\n","protected":false},"author":5,"featured_media":0,"parent":0,"menu_order":0,"comment_status":"closed","ping_status":"closed","template":"","meta":[],"_links":{"self":[{"href":"https:\/\/www.univ-mascara.dz\/fshs\/index.php?rest_route=\/wp\/v2\/pages\/2943"}],"collection":[{"href":"https:\/\/www.univ-mascara.dz\/fshs\/index.php?rest_route=\/wp\/v2\/pages"}],"about":[{"href":"https:\/\/www.univ-mascara.dz\/fshs\/index.php?rest_route=\/wp\/v2\/types\/page"}],"author":[{"embeddable":true,"href":"https:\/\/www.univ-mascara.dz\/fshs\/index.php?rest_route=\/wp\/v2\/users\/5"}],"replies":[{"embeddable":true,"href":"https:\/\/www.univ-mascara.dz\/fshs\/index.php?rest_route=%2Fwp%2Fv2%2Fcomments&post=2943"}],"version-history":[{"count":91,"href":"https:\/\/www.univ-mascara.dz\/fshs\/index.php?rest_route=\/wp\/v2\/pages\/2943\/revisions"}],"predecessor-version":[{"id":14679,"href":"https:\/\/www.univ-mascara.dz\/fshs\/index.php?rest_route=\/wp\/v2\/pages\/2943\/revisions\/14679"}],"wp:attachment":[{"href":"https:\/\/www.univ-mascara.dz\/fshs\/index.php?rest_route=%2Fwp%2Fv2%2Fmedia&parent=2943"}],"curies":[{"name":"wp","href":"https:\/\/api.w.org\/{rel}","templated":true}]}}