{"id":2992,"date":"2021-09-23T13:57:11","date_gmt":"2021-09-23T12:57:11","guid":{"rendered":"http:\/\/193.194.87.76\/fsnv\/?page_id=2992"},"modified":"2026-03-23T12:43:25","modified_gmt":"2026-03-23T11:43:25","slug":"projet-de-recherche","status":"publish","type":"page","link":"https:\/\/www.univ-mascara.dz\/fshs\/?page_id=2992","title":{"rendered":"projet de recherche"},"content":{"rendered":"\t\t<div data-elementor-type=\"wp-page\" data-elementor-id=\"2992\" class=\"elementor elementor-2992\" data-elementor-settings=\"[]\">\n\t\t\t\t\t\t\t<div class=\"elementor-section-wrap\">\n\t\t\t\t\t\t\t<section class=\"elementor-section elementor-top-section elementor-element elementor-element-1d9c31e elementor-section-height-min-height elementor-section-boxed elementor-section-height-default elementor-section-items-middle\" data-id=\"1d9c31e\" data-element_type=\"section\" data-settings=\"{&quot;background_background&quot;:&quot;classic&quot;}\">\n\t\t\t\t\t\t\t<div class=\"elementor-background-overlay\"><\/div>\n\t\t\t\t\t\t\t<div class=\"elementor-container elementor-column-gap-default\">\n\t\t\t\t\t<div class=\"elementor-column elementor-col-100 elementor-top-column elementor-element elementor-element-ba84584\" data-id=\"ba84584\" data-element_type=\"column\">\n\t\t\t<div class=\"elementor-widget-wrap elementor-element-populated\">\n\t\t\t\t\t\t\t\t<div class=\"elementor-element elementor-element-51278fe elementor-widget elementor-widget-heading\" data-id=\"51278fe\" data-element_type=\"widget\" data-widget_type=\"heading.default\">\n\t\t\t\t<div class=\"elementor-widget-container\">\n\t\t\t<p class=\"elementor-heading-title elementor-size-medium\"><br><br><br><br>\nProjets de Recherche<\/p>\t\t<\/div>\n\t\t\t\t<\/div>\n\t\t\t\t<div class=\"elementor-element elementor-element-5a59d56 elementor-widget-divider--view-line elementor-widget elementor-widget-divider\" data-id=\"5a59d56\" data-element_type=\"widget\" data-widget_type=\"divider.default\">\n\t\t\t\t<div class=\"elementor-widget-container\">\n\t\t\t\t\t<div class=\"elementor-divider\">\n\t\t\t<span class=\"elementor-divider-separator\">\n\t\t\t\t\t\t<\/span>\n\t\t<\/div>\n\t\t\t\t<\/div>\n\t\t\t\t<\/div>\n\t\t\t\t\t<\/div>\n\t\t<\/div>\n\t\t\t\t\t\t\t<\/div>\n\t\t<\/section>\n\t\t\t\t<section class=\"elementor-section elementor-top-section elementor-element elementor-element-f2657e8 elementor-section-height-min-height elementor-section-content-middle elementor-reverse-mobile elementor-section-boxed elementor-section-height-default elementor-section-items-middle\" data-id=\"f2657e8\" data-element_type=\"section\" data-settings=\"{&quot;background_background&quot;:&quot;classic&quot;}\">\n\t\t\t\t\t\t<div class=\"elementor-container elementor-column-gap-default\">\n\t\t\t\t\t<div class=\"elementor-column elementor-col-100 elementor-top-column elementor-element elementor-element-18222b2\" data-id=\"18222b2\" data-element_type=\"column\">\n\t\t\t<div class=\"elementor-widget-wrap elementor-element-populated\">\n\t\t\t\t\t\t\t\t<div class=\"elementor-element elementor-element-c43fa24 elementor-widget-divider--view-line elementor-widget elementor-widget-divider\" data-id=\"c43fa24\" data-element_type=\"widget\" data-widget_type=\"divider.default\">\n\t\t\t\t<div class=\"elementor-widget-container\">\n\t\t\t\t\t<div class=\"elementor-divider\">\n\t\t\t<span class=\"elementor-divider-separator\">\n\t\t\t\t\t\t<\/span>\n\t\t<\/div>\n\t\t\t\t<\/div>\n\t\t\t\t<\/div>\n\t\t\t\t<div class=\"elementor-element elementor-element-6d851b6 elementor-widget elementor-widget-image\" data-id=\"6d851b6\" data-element_type=\"widget\" data-widget_type=\"image.default\">\n\t\t\t\t<div class=\"elementor-widget-container\">\n\t\t\t\t\t\t\t\t\t\t\t\t<figure class=\"wp-caption\">\n\t\t\t\t\t\t\t\t\t\t<img width=\"300\" height=\"168\" src=\"https:\/\/www.univ-mascara.dz\/fshs\/wp-content\/uploads\/2022\/04\/projet.jpg\" class=\"attachment-full size-full\" alt=\"\" loading=\"lazy\" \/>\t\t\t\t\t\t\t\t\t\t\t<figcaption class=\"widget-image-caption wp-caption-text\"><\/figcaption>\n\t\t\t\t\t\t\t\t\t\t<\/figure>\n\t\t\t\t\t\t\t\t\t<\/div>\n\t\t\t\t<\/div>\n\t\t\t\t<div class=\"elementor-element elementor-element-886467f elementor-widget elementor-widget-toggle\" data-id=\"886467f\" data-element_type=\"widget\" data-widget_type=\"toggle.default\">\n\t\t\t\t<div class=\"elementor-widget-container\">\n\t\t\t\t\t<div class=\"elementor-toggle\" role=\"tablist\">\n\t\t\t\t\t\t\t<div class=\"elementor-toggle-item\">\n\t\t\t\t\t<div id=\"elementor-tab-title-1431\" class=\"elementor-tab-title\" data-tab=\"1\" role=\"tab\" aria-controls=\"elementor-tab-content-1431\" aria-expanded=\"false\">\n\t\t\t\t\t\t\t\t\t\t\t\t<span class=\"elementor-toggle-icon elementor-toggle-icon-left\" aria-hidden=\"true\">\n\t\t\t\t\t\t\t\t\t\t\t\t\t\t\t<span class=\"elementor-toggle-icon-closed\"><i class=\"fas fa-caret-right\"><\/i><\/span>\n\t\t\t\t\t\t\t\t<span class=\"elementor-toggle-icon-opened\"><\/span>\n\t\t\t\t\t\t\t\t\t\t\t\t\t<\/span>\n\t\t\t\t\t\t\t\t\t\t\t\t<a href=\"\" class=\"elementor-toggle-title\">Laboratoire des \u00c9tudes Sociales et Historiques<\/a>\n\t\t\t\t\t<\/div>\n\t\t\t\t\t<div id=\"elementor-tab-content-1431\" class=\"elementor-tab-content elementor-clearfix\" data-tab=\"1\" role=\"tabpanel\" aria-labelledby=\"elementor-tab-title-1431\"><p data-path-to-node=\"2\"><span style=\"color: #ff6600;\"><strong>Laboratoire de Recherche (Laboratoire des \u00c9tudes Sociales et Historiques)<\/strong><\/span><\/p><ul data-path-to-node=\"3\"><li><p data-path-to-node=\"3,0,0\"><b data-path-to-node=\"3,0,0\" data-index-in-node=\"0\">Directeur du laboratoire :<\/b> Pr. Djilali Koubibi Maachou.<\/p><\/li><li><p data-path-to-node=\"3,1,0\"><b data-path-to-node=\"3,1,0\" data-index-in-node=\"0\">\u00c9quipes de recherche agr\u00e9\u00e9es :<\/b><\/p><ol start=\"1\" data-path-to-node=\"3,1,1\"><li><p data-path-to-node=\"3,1,1,0,0\"><b data-path-to-node=\"3,1,1,0,0\" data-index-in-node=\"0\">Le lexique linguistique de la jeunesse alg\u00e9rienne :<\/b> Pr\u00e9sid\u00e9e par le Pr. Djilali Koubibi Maachou.<\/p><\/li><li><p data-path-to-node=\"3,1,1,1,0\"><b data-path-to-node=\"3,1,1,1,0\" data-index-in-node=\"0\">Manifestations philosophiques et esth\u00e9tiques des connaissances religieuses, linguistiques et litt\u00e9raires :<\/b> Pr\u00e9sid\u00e9e par le Pr. Khelifi Bachir.<\/p><\/li><li><p data-path-to-node=\"3,1,1,2,0\"><b data-path-to-node=\"3,1,1,2,0\" data-index-in-node=\"0\">Le Maghreb : Histoire et Civilisation :<\/b> Pr\u00e9sid\u00e9e par le Pr. Abbou Ibrahim.<\/p><\/li><li><p data-path-to-node=\"3,1,1,3,0\"><b data-path-to-node=\"3,1,1,3,0\" data-index-in-node=\"0\">Psychologie des \u00e9motions et processus de sant\u00e9 dans la culture alg\u00e9rienne :<\/b> Pr\u00e9sid\u00e9e par la Pr. Djadoune Zahra.<\/p><\/li><\/ol><\/li><li><p data-path-to-node=\"3,2,0\"><b data-path-to-node=\"3,2,0\" data-index-in-node=\"0\">Projets de recherche :<\/b> Aucun projet de type <b data-path-to-node=\"3,2,0\" data-index-in-node=\"44\">PNR<\/b> ou <b data-path-to-node=\"3,2,0\" data-index-in-node=\"51\">PRFU<\/b> n&rsquo;est actuellement enregistr\u00e9 dans la fiche.<\/p><\/li><\/ul><p data-path-to-node=\"5\"><span style=\"color: #ff6600;\"><b data-path-to-node=\"5\" data-index-in-node=\"0\">Liste des doctorants (par promotion et par fili\u00e8re)<\/b><\/span><\/p><ul data-path-to-node=\"6\"><li><p data-path-to-node=\"6,0,0\"><span style=\"color: #ff6600;\"><b data-path-to-node=\"6,0,0\" data-index-in-node=\"0\">Promotion 2018\/2019 :<\/b><\/span><\/p><ul data-path-to-node=\"6,0,1\"><li><p data-path-to-node=\"6,0,1,0,0\"><b data-path-to-node=\"6,0,1,0,0\" data-index-in-node=\"0\">Histoire :<\/b> Fekir Halima et Ouadad Sabrina.<\/p><\/li><li><p data-path-to-node=\"6,0,1,1,0\"><b data-path-to-node=\"6,0,1,1,0\" data-index-in-node=\"0\">Psychologie :<\/b> Chenoufi Atika Nadar et Sejal Hanane.<\/p><\/li><\/ul><\/li><li><p data-path-to-node=\"6,1,0\"><span style=\"color: #ff6600;\"><b data-path-to-node=\"6,1,0\" data-index-in-node=\"0\">Promotion 2020\/2021 :<\/b><\/span><\/p><ul data-path-to-node=\"6,1,1\"><li><p data-path-to-node=\"6,1,1,0,0\"><b data-path-to-node=\"6,1,1,0,0\" data-index-in-node=\"0\">Sociologie :<\/b> Belaid El Hadj.<\/p><\/li><li><p data-path-to-node=\"6,1,1,1,0\"><b data-path-to-node=\"6,1,1,1,0\" data-index-in-node=\"0\">Psychologie :<\/b> Boumedienne Hasna et Houari Amel.<\/p><\/li><\/ul><\/li><li><p data-path-to-node=\"6,2,0\"><span style=\"color: #ff6600;\"><b data-path-to-node=\"6,2,0\" data-index-in-node=\"0\">Promotion 2013\/2014 :<\/b><\/span><\/p><ul data-path-to-node=\"6,2,1\"><li><p data-path-to-node=\"6,2,1,0,0\"><b data-path-to-node=\"6,2,1,0,0\" data-index-in-node=\"0\">Sociologie :<\/b> Kabou Amina et Mezoughi Malha<\/p><\/li><\/ul><\/li><\/ul><\/div>\n\t\t\t\t<\/div>\n\t\t\t\t\t\t\t\t<\/div>\n\t\t\t\t<\/div>\n\t\t\t\t<\/div>\n\t\t\t\t<div class=\"elementor-element elementor-element-a3a3ec2 elementor-widget elementor-widget-text-editor\" data-id=\"a3a3ec2\" data-element_type=\"widget\" data-widget_type=\"text-editor.default\">\n\t\t\t\t<div class=\"elementor-widget-container\">\n\t\t\t\t\t\t\t\t\t\t\t\t\t\t<\/div>\n\t\t\t\t<\/div>\n\t\t\t\t\t<\/div>\n\t\t<\/div>\n\t\t\t\t\t\t\t<\/div>\n\t\t<\/section>\n\t\t\t\t\t\t<\/div>\n\t\t\t\t\t<\/div>\n\t\t","protected":false},"excerpt":{"rendered":"<p>Projets de Recherche Laboratoire des \u00c9tudes Sociales et Historiques Laboratoire de Recherche (Laboratoire des \u00c9tudes Sociales et Historiques) Directeur du laboratoire : Pr. Djilali Koubibi Maachou. \u00c9quipes de recherche agr\u00e9\u00e9es : Le lexique linguistique de la jeunesse alg\u00e9rienne : Pr\u00e9sid\u00e9e par le Pr. Djilali Koubibi Maachou. Manifestations philosophiques et esth\u00e9tiques des connaissances religieuses, linguistiques et &hellip;<\/p>\n<p class=\"read-more\"> <a class=\"\" href=\"https:\/\/www.univ-mascara.dz\/fshs\/?page_id=2992\"> <span class=\"screen-reader-text\">projet de recherche<\/span> Lire la suite\u00a0\u00bb<\/a><\/p>\n","protected":false},"author":5,"featured_media":0,"parent":0,"menu_order":0,"comment_status":"closed","ping_status":"closed","template":"","meta":[],"_links":{"self":[{"href":"https:\/\/www.univ-mascara.dz\/fshs\/index.php?rest_route=\/wp\/v2\/pages\/2992"}],"collection":[{"href":"https:\/\/www.univ-mascara.dz\/fshs\/index.php?rest_route=\/wp\/v2\/pages"}],"about":[{"href":"https:\/\/www.univ-mascara.dz\/fshs\/index.php?rest_route=\/wp\/v2\/types\/page"}],"author":[{"embeddable":true,"href":"https:\/\/www.univ-mascara.dz\/fshs\/index.php?rest_route=\/wp\/v2\/users\/5"}],"replies":[{"embeddable":true,"href":"https:\/\/www.univ-mascara.dz\/fshs\/index.php?rest_route=%2Fwp%2Fv2%2Fcomments&post=2992"}],"version-history":[{"count":73,"href":"https:\/\/www.univ-mascara.dz\/fshs\/index.php?rest_route=\/wp\/v2\/pages\/2992\/revisions"}],"predecessor-version":[{"id":14402,"href":"https:\/\/www.univ-mascara.dz\/fshs\/index.php?rest_route=\/wp\/v2\/pages\/2992\/revisions\/14402"}],"wp:attachment":[{"href":"https:\/\/www.univ-mascara.dz\/fshs\/index.php?rest_route=%2Fwp%2Fv2%2Fmedia&parent=2992"}],"curies":[{"name":"wp","href":"https:\/\/api.w.org\/{rel}","templated":true}]}}