{"id":2602,"date":"2021-09-20T09:47:55","date_gmt":"2021-09-20T08:47:55","guid":{"rendered":"http:\/\/193.194.87.76\/fsnv\/?page_id=2602"},"modified":"2026-03-15T10:13:24","modified_gmt":"2026-03-15T09:13:24","slug":"vice-doyen-graduation","status":"publish","type":"page","link":"https:\/\/www.univ-mascara.dz\/fsnv\/?page_id=2602","title":{"rendered":"mot vice doyen graduation"},"content":{"rendered":"\t\t<div data-elementor-type=\"wp-page\" data-elementor-id=\"2602\" class=\"elementor elementor-2602\" data-elementor-settings=\"[]\">\n\t\t\t\t\t\t\t<div class=\"elementor-section-wrap\">\n\t\t\t\t\t\t\t<section class=\"elementor-section elementor-top-section elementor-element elementor-element-45b2f70 elementor-section-height-min-height elementor-section-boxed elementor-section-height-default elementor-section-items-middle\" data-id=\"45b2f70\" data-element_type=\"section\" data-settings=\"{&quot;background_background&quot;:&quot;classic&quot;}\">\n\t\t\t\t\t\t\t<div class=\"elementor-background-overlay\"><\/div>\n\t\t\t\t\t\t\t<div class=\"elementor-container elementor-column-gap-default\">\n\t\t\t\t\t<div class=\"elementor-column elementor-col-100 elementor-top-column elementor-element elementor-element-78e4936\" data-id=\"78e4936\" data-element_type=\"column\">\n\t\t\t<div class=\"elementor-widget-wrap elementor-element-populated\">\n\t\t\t\t\t\t\t\t<div class=\"elementor-element elementor-element-d0053dd elementor-widget elementor-widget-heading\" data-id=\"d0053dd\" data-element_type=\"widget\" data-widget_type=\"heading.default\">\n\t\t\t\t<div class=\"elementor-widget-container\">\n\t\t\t<p class=\"elementor-heading-title elementor-size-medium\"><br><br><br> <br>\nDoyen de la Facult\u00e9\n<\/p>\t\t<\/div>\n\t\t\t\t<\/div>\n\t\t\t\t<div class=\"elementor-element elementor-element-151ed77 elementor-widget-divider--view-line elementor-widget elementor-widget-divider\" data-id=\"151ed77\" data-element_type=\"widget\" data-widget_type=\"divider.default\">\n\t\t\t\t<div class=\"elementor-widget-container\">\n\t\t\t\t\t<div class=\"elementor-divider\">\n\t\t\t<span class=\"elementor-divider-separator\">\n\t\t\t\t\t\t<\/span>\n\t\t<\/div>\n\t\t\t\t<\/div>\n\t\t\t\t<\/div>\n\t\t\t\t<div class=\"elementor-element elementor-element-831cee9 elementor-widget elementor-widget-text-editor\" data-id=\"831cee9\" data-element_type=\"widget\" data-widget_type=\"text-editor.default\">\n\t\t\t\t<div class=\"elementor-widget-container\">\n\t\t\t\t\t\t\t\t<p><strong><span style=\"color: #ffffff;\">FSNV<\/span><\/strong><\/p>\t\t\t\t\t\t<\/div>\n\t\t\t\t<\/div>\n\t\t\t\t\t<\/div>\n\t\t<\/div>\n\t\t\t\t\t\t\t<\/div>\n\t\t<\/section>\n\t\t\t\t<section class=\"elementor-section elementor-top-section elementor-element elementor-element-3eb76c2 elementor-section-boxed elementor-section-height-default elementor-section-height-default\" data-id=\"3eb76c2\" data-element_type=\"section\" data-settings=\"{&quot;background_background&quot;:&quot;classic&quot;}\">\n\t\t\t\t\t\t<div class=\"elementor-container elementor-column-gap-default\">\n\t\t\t\t\t<div class=\"elementor-column elementor-col-100 elementor-top-column elementor-element elementor-element-8bdafa8\" data-id=\"8bdafa8\" data-element_type=\"column\" data-settings=\"{&quot;background_background&quot;:&quot;classic&quot;}\">\n\t\t\t<div class=\"elementor-widget-wrap elementor-element-populated\">\n\t\t\t\t\t<div class=\"elementor-background-overlay\"><\/div>\n\t\t\t\t\t\t\t\t<div class=\"elementor-element elementor-element-553b306 elementor-widget-divider--view-line_text elementor-widget-divider--element-align-center elementor-widget elementor-widget-divider\" data-id=\"553b306\" data-element_type=\"widget\" data-widget_type=\"divider.default\">\n\t\t\t\t<div class=\"elementor-widget-container\">\n\t\t\t\t\t<div class=\"elementor-divider\">\n\t\t\t<span class=\"elementor-divider-separator\">\n\t\t\t\t\t\t\t<span class=\"elementor-divider__text elementor-divider__element\">Mot  Doyen<\/span>\n\t\t\t\t\t\t<\/span>\n\t\t<\/div>\n\t\t\t\t<\/div>\n\t\t\t\t<\/div>\n\t\t\t\t<div class=\"elementor-element elementor-element-0f73cd7 elementor-widget elementor-widget-text-editor\" data-id=\"0f73cd7\" data-element_type=\"widget\" data-settings=\"{&quot;_animation&quot;:&quot;none&quot;}\" data-widget_type=\"text-editor.default\">\n\t\t\t\t<div class=\"elementor-widget-container\">\n\t\t\t\t\t\t\t\t<p style=\"text-align: justify;\">C\u2019est avec un grand plaisir que je vous souhaite la bienvenue sur le site de la Facult\u00e9 des Sciences de la Nature et de la Vie de l\u2019Universit\u00e9 Mustapha Stambouli de Mascara.<br \/>Notre facult\u00e9 constitue un espace privil\u00e9gi\u00e9 de formation, de recherche et d\u2019innovation scientifique, consacr\u00e9 \u00e0 l\u2019\u00e9tude du vivant, des ressources naturelles et des syst\u00e8mes environnementaux. \u00c0 travers ses activit\u00e9s p\u00e9dagogiques et scientifiques, elle \u0153uvre \u00e0 offrir une formation acad\u00e9mique de qualit\u00e9, fond\u00e9e sur la rigueur scientifique, l\u2019excellence et l\u2019ouverture sur les \u00e9volutions technologiques et soci\u00e9tales. La facult\u00e9 propose un large \u00e9ventail de formations couvrant plusieurs domaines strat\u00e9giques des sciences de la nature et de la vie, notamment la biologie, les sciences alimentaires, l\u2019agronomie, la g\u00e9ologie et l\u2019hydrog\u00e9ologie, ainsi que\u00a0les sciences v\u00e9t\u00e9rinaires et m\u00e9dicales.<br \/>Ces formations visent \u00e0 pr\u00e9parer des cadres hautement qualifi\u00e9s capables de r\u00e9pondre aux enjeux li\u00e9s \u00e0 la s\u00e9curit\u00e9 alimentaire, la gestion durable des ressources naturelles, la protection de l\u2019environnement, ainsi que l\u2019am\u00e9lioration de la sant\u00e9 et du bien-\u00eatre des populations. Consciente des d\u00e9fis scientifiques et environnementaux actuels, notre facult\u00e9 encourage activement la recherche innovante, le d\u00e9veloppement de projets interdisciplinaires et le renforcement des partenariats avec les institutions scientifiques et le secteur socio- \u00e9conomique, tant au niveau national qu\u2019international. Je tiens \u00e0 exprimer ma profonde reconnaissance \u00e0 l\u2019ensemble de la communaut\u00e9 universitaire (enseignants chercheurs, personnels administratifs et techniques, ainsi que nos \u00e9tudiants), dont l\u2019engagement et les efforts contribuent chaque jour au rayonnement scientifique et acad\u00e9mique de notre facult\u00e9.<br \/>Je souhaite \u00e0 toutes et \u00e0 tous un\u00a0parcours universitaire riche en apprentissages, en d\u00e9couverte<br \/>et en r\u00e9ussite.<\/p><p style=\"text-align: justify;\">Pr. HAMIMED Abderrahmane<br \/>Doyen de la Facult\u00e9 des Sciences de la Nature et de la Vie<br \/>Universit\u00e9 Mustapha Stambouli de Mascara<\/p><p style=\"text-align: justify;\" align=\"center\">\u00a0<\/p>\t\t\t\t\t\t<\/div>\n\t\t\t\t<\/div>\n\t\t\t\t\t<\/div>\n\t\t<\/div>\n\t\t\t\t\t\t\t<\/div>\n\t\t<\/section>\n\t\t\t\t<section class=\"elementor-section elementor-top-section elementor-element elementor-element-d78594a elementor-section-boxed elementor-section-height-default elementor-section-height-default\" data-id=\"d78594a\" data-element_type=\"section\" data-settings=\"{&quot;background_background&quot;:&quot;classic&quot;}\">\n\t\t\t\t\t\t<div class=\"elementor-container elementor-column-gap-default\">\n\t\t\t\t\t<div class=\"elementor-column elementor-col-100 elementor-top-column elementor-element elementor-element-feda9c8\" data-id=\"feda9c8\" data-element_type=\"column\">\n\t\t\t<div class=\"elementor-widget-wrap elementor-element-populated\">\n\t\t\t\t\t\t\t\t<div class=\"elementor-element elementor-element-796f472 elementor-widget-divider--view-line_text elementor-widget-divider--element-align-center elementor-widget elementor-widget-divider\" data-id=\"796f472\" data-element_type=\"widget\" data-widget_type=\"divider.default\">\n\t\t\t\t<div class=\"elementor-widget-container\">\n\t\t\t\t\t<div class=\"elementor-divider\">\n\t\t\t<span class=\"elementor-divider-separator\">\n\t\t\t\t\t\t\t<span class=\"elementor-divider__text elementor-divider__element\">CONTACT<\/span>\n\t\t\t\t\t\t<\/span>\n\t\t<\/div>\n\t\t\t\t<\/div>\n\t\t\t\t<\/div>\n\t\t\t\t\t<\/div>\n\t\t<\/div>\n\t\t\t\t\t\t\t<\/div>\n\t\t<\/section>\n\t\t\t\t<section class=\"elementor-section elementor-top-section elementor-element elementor-element-7e6ca3e elementor-section-boxed elementor-section-height-default elementor-section-height-default\" data-id=\"7e6ca3e\" data-element_type=\"section\" data-settings=\"{&quot;background_background&quot;:&quot;classic&quot;}\">\n\t\t\t\t\t\t\t<div class=\"elementor-background-overlay\"><\/div>\n\t\t\t\t\t\t\t<div class=\"elementor-container elementor-column-gap-default\">\n\t\t\t\t\t<div class=\"elementor-column elementor-col-100 elementor-top-column elementor-element elementor-element-cd864a3\" data-id=\"cd864a3\" data-element_type=\"column\">\n\t\t\t<div class=\"elementor-widget-wrap elementor-element-populated\">\n\t\t\t\t\t\t\t\t<div class=\"elementor-element elementor-element-3a62423 elementor-widget elementor-widget-text-editor\" data-id=\"3a62423\" data-element_type=\"widget\" data-widget_type=\"text-editor.default\">\n\t\t\t\t<div class=\"elementor-widget-container\">\n\t\t\t\t\t\t\t\t<p>fsnv@univ-mascara.dz<\/p>\t\t\t\t\t\t<\/div>\n\t\t\t\t<\/div>\n\t\t\t\t\t<\/div>\n\t\t<\/div>\n\t\t\t\t\t\t\t<\/div>\n\t\t<\/section>\n\t\t\t\t\t\t<\/div>\n\t\t\t\t\t<\/div>\n\t\t","protected":false},"excerpt":{"rendered":"<p>Doyen de la Facult\u00e9 FSNV Mot Doyen C\u2019est avec un grand plaisir que je vous souhaite la bienvenue sur le site de la Facult\u00e9 des Sciences de la Nature et de la Vie de l\u2019Universit\u00e9 Mustapha Stambouli de Mascara.Notre facult\u00e9 constitue un espace privil\u00e9gi\u00e9 de formation, de recherche et d\u2019innovation scientifique, consacr\u00e9 \u00e0 l\u2019\u00e9tude du &hellip;<\/p>\n<p class=\"read-more\"> <a class=\"\" href=\"https:\/\/www.univ-mascara.dz\/fsnv\/?page_id=2602\"> <span class=\"screen-reader-text\">mot vice doyen graduation<\/span> Lire la suite\u00a0\u00bb<\/a><\/p>\n","protected":false},"author":3,"featured_media":0,"parent":0,"menu_order":0,"comment_status":"closed","ping_status":"closed","template":"","meta":[],"_links":{"self":[{"href":"https:\/\/www.univ-mascara.dz\/fsnv\/index.php?rest_route=\/wp\/v2\/pages\/2602"}],"collection":[{"href":"https:\/\/www.univ-mascara.dz\/fsnv\/index.php?rest_route=\/wp\/v2\/pages"}],"about":[{"href":"https:\/\/www.univ-mascara.dz\/fsnv\/index.php?rest_route=\/wp\/v2\/types\/page"}],"author":[{"embeddable":true,"href":"https:\/\/www.univ-mascara.dz\/fsnv\/index.php?rest_route=\/wp\/v2\/users\/3"}],"replies":[{"embeddable":true,"href":"https:\/\/www.univ-mascara.dz\/fsnv\/index.php?rest_route=%2Fwp%2Fv2%2Fcomments&post=2602"}],"version-history":[{"count":18,"href":"https:\/\/www.univ-mascara.dz\/fsnv\/index.php?rest_route=\/wp\/v2\/pages\/2602\/revisions"}],"predecessor-version":[{"id":12286,"href":"https:\/\/www.univ-mascara.dz\/fsnv\/index.php?rest_route=\/wp\/v2\/pages\/2602\/revisions\/12286"}],"wp:attachment":[{"href":"https:\/\/www.univ-mascara.dz\/fsnv\/index.php?rest_route=%2Fwp%2Fv2%2Fmedia&parent=2602"}],"curies":[{"name":"wp","href":"https:\/\/api.w.org\/{rel}","templated":true}]}}