{"id":2779,"date":"2021-09-22T09:12:40","date_gmt":"2021-09-22T08:12:40","guid":{"rendered":"http:\/\/193.194.87.76\/fsnv\/?page_id=2779"},"modified":"2026-03-08T10:33:08","modified_gmt":"2026-03-08T09:33:08","slug":"mot-post-graduation","status":"publish","type":"page","link":"https:\/\/www.univ-mascara.dz\/fsnv\/?page_id=2779","title":{"rendered":"mot post graduation &#8211;"},"content":{"rendered":"\t\t<div data-elementor-type=\"wp-page\" data-elementor-id=\"2779\" class=\"elementor elementor-2779\" data-elementor-settings=\"[]\">\n\t\t\t\t\t\t\t<div class=\"elementor-section-wrap\">\n\t\t\t\t\t\t\t<section class=\"elementor-section elementor-top-section elementor-element elementor-element-e59101d elementor-section-height-min-height elementor-section-boxed elementor-section-height-default elementor-section-items-middle\" data-id=\"e59101d\" data-element_type=\"section\" data-settings=\"{&quot;background_background&quot;:&quot;classic&quot;}\">\n\t\t\t\t\t\t\t<div class=\"elementor-background-overlay\"><\/div>\n\t\t\t\t\t\t\t<div class=\"elementor-container elementor-column-gap-default\">\n\t\t\t\t\t<div class=\"elementor-column elementor-col-100 elementor-top-column elementor-element elementor-element-c80cc48\" data-id=\"c80cc48\" data-element_type=\"column\">\n\t\t\t<div class=\"elementor-widget-wrap elementor-element-populated\">\n\t\t\t\t\t\t\t\t<div class=\"elementor-element elementor-element-3b1f062 elementor-widget elementor-widget-heading\" data-id=\"3b1f062\" data-element_type=\"widget\" data-widget_type=\"heading.default\">\n\t\t\t\t<div class=\"elementor-widget-container\">\n\t\t\t<p class=\"elementor-heading-title elementor-size-medium\"><br><br><br> <br>\nVice doyen de la post graduation, de la recherche Scientifique et des relations ext\u00e9rieures<\/p>\t\t<\/div>\n\t\t\t\t<\/div>\n\t\t\t\t<div class=\"elementor-element elementor-element-9ef102d elementor-widget-divider--view-line elementor-widget elementor-widget-divider\" data-id=\"9ef102d\" data-element_type=\"widget\" data-widget_type=\"divider.default\">\n\t\t\t\t<div class=\"elementor-widget-container\">\n\t\t\t\t\t<div class=\"elementor-divider\">\n\t\t\t<span class=\"elementor-divider-separator\">\n\t\t\t\t\t\t<\/span>\n\t\t<\/div>\n\t\t\t\t<\/div>\n\t\t\t\t<\/div>\n\t\t\t\t<div class=\"elementor-element elementor-element-6de2139 elementor-widget elementor-widget-text-editor\" data-id=\"6de2139\" data-element_type=\"widget\" data-widget_type=\"text-editor.default\">\n\t\t\t\t<div class=\"elementor-widget-container\">\n\t\t\t\t\t\t\t\t<p><strong><span style=\"color: #ffffff;\">FSNV<\/span><\/strong><\/p>\t\t\t\t\t\t<\/div>\n\t\t\t\t<\/div>\n\t\t\t\t\t<\/div>\n\t\t<\/div>\n\t\t\t\t\t\t\t<\/div>\n\t\t<\/section>\n\t\t\t\t<section class=\"elementor-section elementor-top-section elementor-element elementor-element-48e5d2c elementor-section-boxed elementor-section-height-default elementor-section-height-default\" data-id=\"48e5d2c\" data-element_type=\"section\" data-settings=\"{&quot;background_background&quot;:&quot;classic&quot;}\">\n\t\t\t\t\t\t<div class=\"elementor-container elementor-column-gap-default\">\n\t\t\t\t\t<div class=\"elementor-column elementor-col-100 elementor-top-column elementor-element elementor-element-5ffcf29\" data-id=\"5ffcf29\" data-element_type=\"column\" data-settings=\"{&quot;background_background&quot;:&quot;classic&quot;}\">\n\t\t\t<div class=\"elementor-widget-wrap elementor-element-populated\">\n\t\t\t\t\t<div class=\"elementor-background-overlay\"><\/div>\n\t\t\t\t\t\t\t\t<div class=\"elementor-element elementor-element-dab5a19 elementor-widget-divider--view-line_text elementor-widget-divider--element-align-center elementor-widget elementor-widget-divider\" data-id=\"dab5a19\" data-element_type=\"widget\" data-widget_type=\"divider.default\">\n\t\t\t\t<div class=\"elementor-widget-container\">\n\t\t\t\t\t<div class=\"elementor-divider\">\n\t\t\t<span class=\"elementor-divider-separator\">\n\t\t\t\t\t\t\t<span class=\"elementor-divider__text elementor-divider__element\">Mot du Vice Doyen<\/span>\n\t\t\t\t\t\t<\/span>\n\t\t<\/div>\n\t\t\t\t<\/div>\n\t\t\t\t<\/div>\n\t\t\t\t<div class=\"elementor-element elementor-element-63e3e9c elementor-widget elementor-widget-text-editor\" data-id=\"63e3e9c\" data-element_type=\"widget\" data-settings=\"{&quot;_animation&quot;:&quot;none&quot;}\" data-widget_type=\"text-editor.default\">\n\t\t\t\t<div class=\"elementor-widget-container\">\n\t\t\t\t\t\t\t\t<p style=\"text-align: left;\"><span style=\"color: #000000;\"><strong>Mot du<\/strong>\u00a0<strong>vice doyen de la post graduation, de la recherche\u00a0<\/strong><strong>Scientifique et des relations ext\u00e9rieures<\/strong><\/span><\/p><p style=\"text-align: left;\"><span style=\"color: #000000;\">Le service de Vice D\u00e9canat charg\u00e9 de la post graduation, de la recherche scientifique et des relations ext\u00e9rieures a pour mission d\u2019acqu\u00e9rir, de filtrer, classer et de diffuser toutes nouvelles connaissances dans le but d&rsquo;assurer\u00a0 une formation de qualit\u00e9 et une recherche de haut\u00a0 niveau qui r\u00e9pond aux crit\u00e8res d\u2019excellente pour les chercheurs et pour la soci\u00e9t\u00e9.<\/span><\/p><p style=\"text-align: left;\"><span style=\"color: #000000;\">\u00a0\u00a0\u00a0\u00a0\u00a0\u00a0\u00a0\u00a0\u00a0\u00a0\u00a0 Notre principale pr\u00e9occupation est de suivre finement la formation de nos\u00a0<strong>enseignants chercheurs et de nos doctorants en r\u00e9gime classique et LMD<\/strong>. Nous veillons par ailleurs \u00e0 travers le conseil scientifique de la Facult\u00e9 et les comit\u00e9s scientifiques des deux d\u00e9partements (Biologie et agronomie) au bon d\u00e9roulement des activit\u00e9s scientifiques, p\u00e9dagogiques et culturelles. Pour cela nous portons une attention particuli\u00e8re \u00e0 :<\/span><\/p><ul style=\"text-align: left;\"><li style=\"text-align: left;\"><span style=\"color: #000000;\">La bonne pr\u00e9paration des concours de doctorats 3<sup>\u00e8me<\/sup>\u00a0cycles LMD<\/span><\/li><li style=\"text-align: left;\"><span style=\"color: #000000;\">Le bon d\u00e9roulement des concours d\u2019acc\u00e8s \u00e0 la post-graduation.<\/span><\/li><li style=\"text-align: left;\"><span style=\"color: #000000;\">Prendre ou proposer les mesures n\u00e9cessaires pour assurer le\u00a0bon fonctionnement des formations de\u00a0la PG.<\/span><\/li><li style=\"text-align: left;\"><span style=\"color: #000000;\">Le bon d\u00e9roulement des soutenances de th\u00e8ses de doctorat et d&rsquo;habilitation universitaire. \u00a0<\/span><\/li><li style=\"text-align: left;\"><span style=\"color: #000000;\">Suivre le d\u00e9roulement des activit\u00e9s de recherche scientifique de la facult\u00e9.<\/span><\/li><li style=\"text-align: left;\"><span style=\"color: #000000;\">Initier et encourager tout partenariat avec le secteur socio-\u00e9conomique.<\/span><\/li><li style=\"text-align: left;\"><span style=\"color: #000000;\">Initier des actions en vue de dynamiser et de renforcer la coop\u00e9ration inter-universitaire nationale et internationale.<\/span><\/li><li style=\"text-align: left;\"><span style=\"color: #000000;\">Conserver les archives du conseil scientifique de la Facult\u00e9.<\/span><\/li><\/ul><p style=\"text-align: left;\"><span style=\"color: #000000;\">\u00a0\u00a0\u00a0\u00a0\u00a0\u00a0\u00a0\u00a0\u00a0\u00a0\u00a0 Ces objectifs seront atteints gr\u00e2ce \u00e0 la contribution de l\u2019ensemble de notre personnel administratif et celle des enseignants, des directeurs\u00a0de laboratoires de recherche, du personnel de la station exp\u00e9rimentale et des partenaires socio-\u00e9conomiques.<\/span><\/p><p style=\"text-align: left;\"><span style=\"color: #000000;\">Merci de nous communiquer vos id\u00e9es pour am\u00e9liorer nos services.<\/span><\/p><p style=\"text-align: left;\"><span style=\"color: #000000;\"><strong>\u00a0<\/strong><\/span><\/p><p style=\"text-align: left;\"><span style=\"color: #000000;\"><strong>Soyez les Bienvenue\u00a0<\/strong>dans notre espace\u00a0<\/span><\/p><p style=\"text-align: left;\"><span style=\"color: #000000;\"><strong>Pr :BOUKHARI Yahia<\/strong><\/span><\/p><p style=\"text-align: left;\"><span style=\"color: #000000;\"><strong>Le vice doyen de la post graduation, de la recherche\u00a0Scientifique et des relations ext\u00e9rieures<\/strong><\/span><\/p><p style=\"text-align: left;\"><span style=\"color: #000000;\"><strong>Mail professionnel :<\/strong>Vice doyen\u00a0 de la post graduation, de la recherche scientifique et des relations ext\u00e9rieures<\/span><\/p>\t\t\t\t\t\t<\/div>\n\t\t\t\t<\/div>\n\t\t\t\t\t<\/div>\n\t\t<\/div>\n\t\t\t\t\t\t\t<\/div>\n\t\t<\/section>\n\t\t\t\t<section class=\"elementor-section elementor-top-section elementor-element elementor-element-3eb76c2 elementor-section-boxed elementor-section-height-default elementor-section-height-default\" data-id=\"3eb76c2\" data-element_type=\"section\" data-settings=\"{&quot;background_background&quot;:&quot;classic&quot;}\">\n\t\t\t\t\t\t<div class=\"elementor-container elementor-column-gap-default\">\n\t\t\t\t\t<div class=\"elementor-column elementor-col-100 elementor-top-column elementor-element elementor-element-8bdafa8\" data-id=\"8bdafa8\" data-element_type=\"column\" data-settings=\"{&quot;background_background&quot;:&quot;classic&quot;}\">\n\t\t\t<div class=\"elementor-widget-wrap elementor-element-populated\">\n\t\t\t\t\t<div class=\"elementor-background-overlay\"><\/div>\n\t\t\t\t\t\t\t\t<div class=\"elementor-element elementor-element-29e5f7a6 elementor-widget elementor-widget-heading\" data-id=\"29e5f7a6\" data-element_type=\"widget\" data-widget_type=\"heading.default\">\n\t\t\t\t<div class=\"elementor-widget-container\">\n\t\t\t<h3 class=\"elementor-heading-title elementor-size-default\">Mot du Vice doyen\n<\/h3>\t\t<\/div>\n\t\t\t\t<\/div>\n\t\t\t\t\t<\/div>\n\t\t<\/div>\n\t\t\t\t\t\t\t<\/div>\n\t\t<\/section>\n\t\t\t\t<section class=\"elementor-section elementor-top-section elementor-element elementor-element-55ad695d elementor-section-boxed elementor-section-height-default elementor-section-height-default\" data-id=\"55ad695d\" data-element_type=\"section\" data-settings=\"{&quot;background_background&quot;:&quot;classic&quot;}\">\n\t\t\t\t\t\t\t<div class=\"elementor-background-overlay\"><\/div>\n\t\t\t\t\t\t\t<div class=\"elementor-container elementor-column-gap-default\">\n\t\t\t\t\t<div class=\"elementor-column elementor-col-100 elementor-top-column elementor-element elementor-element-3760af09\" data-id=\"3760af09\" data-element_type=\"column\">\n\t\t\t<div class=\"elementor-widget-wrap elementor-element-populated\">\n\t\t\t\t\t\t\t\t<div class=\"elementor-element elementor-element-34c79ef elementor-widget elementor-widget-heading\" data-id=\"34c79ef\" data-element_type=\"widget\" data-widget_type=\"heading.default\">\n\t\t\t\t<div class=\"elementor-widget-container\">\n\t\t\t<p class=\"elementor-heading-title elementor-size-large\">@univ-mascara.dz<\/p>\t\t<\/div>\n\t\t\t\t<\/div>\n\t\t\t\t<div class=\"elementor-element elementor-element-a163697 elementor-widget elementor-widget-heading\" data-id=\"a163697\" data-element_type=\"widget\" data-widget_type=\"heading.default\">\n\t\t\t\t<div class=\"elementor-widget-container\">\n\t\t\t<p class=\"elementor-heading-title elementor-size-large\">Sidi Said 03 \u00e8me \u00e9tage<\/p>\t\t<\/div>\n\t\t\t\t<\/div>\n\t\t\t\t\t<\/div>\n\t\t<\/div>\n\t\t\t\t\t\t\t<\/div>\n\t\t<\/section>\n\t\t\t\t\t\t<\/div>\n\t\t\t\t\t<\/div>\n\t\t","protected":false},"excerpt":{"rendered":"<p>Vice doyen de la post graduation, de la recherche Scientifique et des relations ext\u00e9rieures FSNV Mot du Vice Doyen Mot du\u00a0vice doyen de la post graduation, de la recherche\u00a0Scientifique et des relations ext\u00e9rieures Le service de Vice D\u00e9canat charg\u00e9 de la post graduation, de la recherche scientifique et des relations ext\u00e9rieures a pour mission d\u2019acqu\u00e9rir, &hellip;<\/p>\n<p class=\"read-more\"> <a class=\"\" href=\"https:\/\/www.univ-mascara.dz\/fsnv\/?page_id=2779\"> <span class=\"screen-reader-text\">mot post graduation &#8211;<\/span> Lire la suite\u00a0\u00bb<\/a><\/p>\n","protected":false},"author":3,"featured_media":0,"parent":0,"menu_order":0,"comment_status":"closed","ping_status":"closed","template":"","meta":[],"_links":{"self":[{"href":"https:\/\/www.univ-mascara.dz\/fsnv\/index.php?rest_route=\/wp\/v2\/pages\/2779"}],"collection":[{"href":"https:\/\/www.univ-mascara.dz\/fsnv\/index.php?rest_route=\/wp\/v2\/pages"}],"about":[{"href":"https:\/\/www.univ-mascara.dz\/fsnv\/index.php?rest_route=\/wp\/v2\/types\/page"}],"author":[{"embeddable":true,"href":"https:\/\/www.univ-mascara.dz\/fsnv\/index.php?rest_route=\/wp\/v2\/users\/3"}],"replies":[{"embeddable":true,"href":"https:\/\/www.univ-mascara.dz\/fsnv\/index.php?rest_route=%2Fwp%2Fv2%2Fcomments&post=2779"}],"version-history":[{"count":6,"href":"https:\/\/www.univ-mascara.dz\/fsnv\/index.php?rest_route=\/wp\/v2\/pages\/2779\/revisions"}],"predecessor-version":[{"id":12172,"href":"https:\/\/www.univ-mascara.dz\/fsnv\/index.php?rest_route=\/wp\/v2\/pages\/2779\/revisions\/12172"}],"wp:attachment":[{"href":"https:\/\/www.univ-mascara.dz\/fsnv\/index.php?rest_route=%2Fwp%2Fv2%2Fmedia&parent=2779"}],"curies":[{"name":"wp","href":"https:\/\/api.w.org\/{rel}","templated":true}]}}